{"id":10155,"date":"2017-12-16T15:06:41","date_gmt":"2017-12-16T13:06:41","guid":{"rendered":"http:\/\/www.mourioche.de\/?page_id=10155"},"modified":"2017-12-16T15:09:34","modified_gmt":"2017-12-16T13:09:34","slug":"das-da-m-wurf-7-woche","status":"publish","type":"page","link":"https:\/\/www.mourioche.de\/?page_id=10155","title":{"rendered":"Das Da M-Wurf 7. Woche"},"content":{"rendered":"<p style=\"text-align: center;\"><strong>16.12.2017<\/strong><\/p>\n<p style=\"text-align: center;\">Das Wetter ist &#8211; sagen wir mal &#8222;suboptimal&#8220;. Entweder es regnet oder es schneit (wobei der Schnee nicht liegen bleibt, sondern sp\u00e4testens am n\u00e4chsten Tag weg ist), alles ist nass und matschig. Nicht die richtigen Voraussetzungen f\u00fcr ausgiebige Ausfl\u00fcge mit Mairen, so beschr\u00e4nken wir uns auf Besuche bei und von Freunden und in Regenpausen geht\u00b4s in den Garten. Langeweile hat sie trotzdem nicht, frech und unbek\u00fcmmert erkundet sie alles, was das Leben ihr so bietet.<\/p>\n<p style=\"text-align: center;\">Sch\u00f6ne Fotos vom schwarzen Hund im Haus sind kaum m\u00f6glich und selbst drau\u00dfen ist zu wenig Licht, um den dunklen und sich schnell bewegenden Welpen vern\u00fcnftig zu fotografieren. Schade!<\/p>\n<p style=\"text-align: center;\"><a href=\"https:\/\/www.mourioche.de\/wpmourio\/wp-content\/uploads\/2017\/12\/20171216_132641.jpg\"><img loading=\"lazy\" decoding=\"async\" class=\"alignnone size-medium wp-image-10156\" src=\"https:\/\/www.mourioche.de\/wpmourio\/wp-content\/uploads\/2017\/12\/20171216_132641-300x225.jpg\" alt=\"\" width=\"300\" height=\"225\" srcset=\"https:\/\/www.mourioche.de\/wpmourio\/wp-content\/uploads\/2017\/12\/20171216_132641-300x225.jpg 300w, https:\/\/www.mourioche.de\/wpmourio\/wp-content\/uploads\/2017\/12\/20171216_132641-768x576.jpg 768w, https:\/\/www.mourioche.de\/wpmourio\/wp-content\/uploads\/2017\/12\/20171216_132641-1024x768.jpg 1024w, https:\/\/www.mourioche.de\/wpmourio\/wp-content\/uploads\/2017\/12\/20171216_132641-150x113.jpg 150w, https:\/\/www.mourioche.de\/wpmourio\/wp-content\/uploads\/2017\/12\/20171216_132641-400x300.jpg 400w\" sizes=\"auto, (max-width: 300px) 100vw, 300px\" \/><\/a> <a href=\"https:\/\/www.mourioche.de\/wpmourio\/wp-content\/uploads\/2017\/12\/20171216_132734.jpg\"><img loading=\"lazy\" decoding=\"async\" class=\"alignnone size-medium wp-image-10157\" src=\"https:\/\/www.mourioche.de\/wpmourio\/wp-content\/uploads\/2017\/12\/20171216_132734-300x225.jpg\" alt=\"\" width=\"300\" height=\"225\" srcset=\"https:\/\/www.mourioche.de\/wpmourio\/wp-content\/uploads\/2017\/12\/20171216_132734-300x225.jpg 300w, https:\/\/www.mourioche.de\/wpmourio\/wp-content\/uploads\/2017\/12\/20171216_132734-768x576.jpg 768w, https:\/\/www.mourioche.de\/wpmourio\/wp-content\/uploads\/2017\/12\/20171216_132734-1024x768.jpg 1024w, https:\/\/www.mourioche.de\/wpmourio\/wp-content\/uploads\/2017\/12\/20171216_132734-150x113.jpg 150w, https:\/\/www.mourioche.de\/wpmourio\/wp-content\/uploads\/2017\/12\/20171216_132734-400x300.jpg 400w\" sizes=\"auto, (max-width: 300px) 100vw, 300px\" \/><\/a><\/p>\n","protected":false},"excerpt":{"rendered":"<p>16.12.2017 Das Wetter ist &#8211; sagen wir mal &#8222;suboptimal&#8220;. Entweder es regnet oder es schneit (wobei der Schnee nicht liegen bleibt, sondern sp\u00e4testens am n\u00e4chsten Tag weg ist), alles ist nass und matschig. Nicht die richtigen Voraussetzungen f\u00fcr ausgiebige Ausfl\u00fcge mit Mairen, so beschr\u00e4nken wir uns auf Besuche bei und von Freunden und in Regenpausen &hellip; <a href=\"https:\/\/www.mourioche.de\/?page_id=10155\" class=\"more-link\"><span class=\"screen-reader-text\">Das Da M-Wurf 7. Woche<\/span> weiterlesen <span class=\"meta-nav\">&rarr;<\/span><\/a><\/p>\n","protected":false},"author":2,"featured_media":0,"parent":10048,"menu_order":2147,"comment_status":"closed","ping_status":"closed","template":"","meta":{"footnotes":""},"class_list":["post-10155","page","type-page","status-publish","hentry"],"_links":{"self":[{"href":"https:\/\/www.mourioche.de\/index.php?rest_route=\/wp\/v2\/pages\/10155","targetHints":{"allow":["GET"]}}],"collection":[{"href":"https:\/\/www.mourioche.de\/index.php?rest_route=\/wp\/v2\/pages"}],"about":[{"href":"https:\/\/www.mourioche.de\/index.php?rest_route=\/wp\/v2\/types\/page"}],"author":[{"embeddable":true,"href":"https:\/\/www.mourioche.de\/index.php?rest_route=\/wp\/v2\/users\/2"}],"replies":[{"embeddable":true,"href":"https:\/\/www.mourioche.de\/index.php?rest_route=%2Fwp%2Fv2%2Fcomments&post=10155"}],"version-history":[{"count":3,"href":"https:\/\/www.mourioche.de\/index.php?rest_route=\/wp\/v2\/pages\/10155\/revisions"}],"predecessor-version":[{"id":10162,"href":"https:\/\/www.mourioche.de\/index.php?rest_route=\/wp\/v2\/pages\/10155\/revisions\/10162"}],"up":[{"embeddable":true,"href":"https:\/\/www.mourioche.de\/index.php?rest_route=\/wp\/v2\/pages\/10048"}],"wp:attachment":[{"href":"https:\/\/www.mourioche.de\/index.php?rest_route=%2Fwp%2Fv2%2Fmedia&parent=10155"}],"curies":[{"name":"wp","href":"https:\/\/api.w.org\/{rel}","templated":true}]}}