{"id":136,"date":"2009-07-21T22:05:16","date_gmt":"2009-07-21T20:05:16","guid":{"rendered":"http:\/\/www.mourioche.de\/?page_id=136"},"modified":"2010-04-15T10:27:23","modified_gmt":"2010-04-15T08:27:23","slug":"blettas-b-wurf-2-woche","status":"publish","type":"page","link":"https:\/\/www.mourioche.de\/?page_id=136","title":{"rendered":"Blettas B-Wurf 2. Woche"},"content":{"rendered":"<p style=\"text-align: center;\"><strong>27.7.<\/strong><\/p>\n<p style=\"text-align: center;\">Sozialisierung<\/p>\n<p style=\"text-align: left;\">Damit die B\u00b4s schon fr\u00fch lernen, dass es ausser uns auch noch andere nette Menschen auf der Welt gibt, ist Besuch immer gerne gesehen. Sobald die Kleinen mobil werden, steht einer Kuschelrunde mit Freunden des Hauses nichts mehr im Weg. Nat\u00fcrlich achten wir besonders auf grundlegende Hygieneregeln, um das Risiko einer Ansteckung zu minimieren. Wir empfinden jedoch den Nutzen einer fr\u00fchzeitigen umfangreichen Sozialisierung gr\u00f6\u00dfer als das Risiko einer eventuellen Krankheit. Es steht ausser Frage, dass nur gesunde Personen die Welpen besuchen d\u00fcrfen, auch im Haushalt der Besucher lebende Tiere m\u00fcssen frei von ansteckenden Krankheiten sein!<\/p>\n<p style=\"text-align: center;\"><img loading=\"lazy\" decoding=\"async\" class=\"size-medium wp-image-183 aligncenter\" title=\"bergil\" src=\"https:\/\/www.mourioche.de\/wpmourio\/wp-content\/uploads\/2009\/07\/bergil13-300x199.jpg\" alt=\"gibt\u00b4s was zu sehen?\" width=\"300\" height=\"199\" srcset=\"https:\/\/www.mourioche.de\/wpmourio\/wp-content\/uploads\/2009\/07\/bergil13-300x199.jpg 300w, https:\/\/www.mourioche.de\/wpmourio\/wp-content\/uploads\/2009\/07\/bergil13.jpg 800w\" sizes=\"auto, (max-width: 300px) 100vw, 300px\" \/><\/p>\n<p style=\"text-align: center;\">gibt\u00b4s was zu sehen?<\/p>\n<p style=\"text-align: center;\"><strong><img loading=\"lazy\" decoding=\"async\" class=\"size-medium wp-image-173  alignnone\" title=\"bergil\" src=\"https:\/\/www.mourioche.de\/wpmourio\/wp-content\/uploads\/2009\/07\/bergil21-300x199.jpg\" alt=\"ich bin der Bergil - und wer bist Du?\" width=\"300\" height=\"199\" srcset=\"https:\/\/www.mourioche.de\/wpmourio\/wp-content\/uploads\/2009\/07\/bergil21-300x199.jpg 300w, https:\/\/www.mourioche.de\/wpmourio\/wp-content\/uploads\/2009\/07\/bergil21.jpg 800w\" sizes=\"auto, (max-width: 300px) 100vw, 300px\" \/><\/p>\n<p><\/strong><\/p>\n<p style=\"text-align: center;\">ich bin der Bergil &#8211; und wer bist Du?<\/p>\n<p style=\"text-align: center;\"><img loading=\"lazy\" decoding=\"async\" class=\"size-medium wp-image-174   aligncenter\" title=\"bergil\" src=\"https:\/\/www.mourioche.de\/wpmourio\/wp-content\/uploads\/2009\/07\/bergil3-300x199.jpg\" alt=\"so ein Schlawiener - kriecht gleich unter den Weiberrock. Oder Hose. Oder so.\" width=\"300\" height=\"199\" srcset=\"https:\/\/www.mourioche.de\/wpmourio\/wp-content\/uploads\/2009\/07\/bergil3-300x199.jpg 300w, https:\/\/www.mourioche.de\/wpmourio\/wp-content\/uploads\/2009\/07\/bergil3.jpg 800w\" sizes=\"auto, (max-width: 300px) 100vw, 300px\" \/><\/p>\n<p style=\"text-align: center;\">so ein Schlawiener &#8211; kriecht gleich unter den Weiberrock. Oder Hose. Oder so. \u00a0Und kommt auch gar nicht mehr freiwillig wieder raus!<\/p>\n<p style=\"text-align: center;\">\n<p style=\"text-align: center;\"><img loading=\"lazy\" decoding=\"async\" class=\"size-medium wp-image-175 aligncenter\" title=\"bergil\" src=\"https:\/\/www.mourioche.de\/wpmourio\/wp-content\/uploads\/2009\/07\/bergil4-300x199.jpg\" alt=\"und kitzelig ist er auch noch!\" width=\"300\" height=\"199\" srcset=\"https:\/\/www.mourioche.de\/wpmourio\/wp-content\/uploads\/2009\/07\/bergil4-300x199.jpg 300w, https:\/\/www.mourioche.de\/wpmourio\/wp-content\/uploads\/2009\/07\/bergil4.jpg 800w\" sizes=\"auto, (max-width: 300px) 100vw, 300px\" \/><\/p>\n<p style=\"text-align: center;\">und kitzelig ist er auch noch!<\/p>\n<p style=\"text-align: center;\">\n<p style=\"text-align: center;\"><img loading=\"lazy\" decoding=\"async\" class=\"size-medium wp-image-176 aligncenter\" title=\"bombadil\" src=\"https:\/\/www.mourioche.de\/wpmourio\/wp-content\/uploads\/2009\/07\/bombadil3-300x199.jpg\" alt=\"mein Schatzzzzzzzzzz\" width=\"300\" height=\"199\" srcset=\"https:\/\/www.mourioche.de\/wpmourio\/wp-content\/uploads\/2009\/07\/bombadil3-300x199.jpg 300w, https:\/\/www.mourioche.de\/wpmourio\/wp-content\/uploads\/2009\/07\/bombadil3.jpg 800w\" sizes=\"auto, (max-width: 300px) 100vw, 300px\" \/><\/p>\n<p style=\"text-align: center;\">mein Schatzzzzzzzzzz<\/p>\n<p style=\"text-align: center;\">\n<p style=\"text-align: center;\"><img loading=\"lazy\" decoding=\"async\" class=\"size-medium wp-image-177 aligncenter\" title=\"brandagambar\" src=\"https:\/\/www.mourioche.de\/wpmourio\/wp-content\/uploads\/2009\/07\/brandagambar14-300x199.jpg\" alt=\"Punktekontrolle\" width=\"300\" height=\"199\" srcset=\"https:\/\/www.mourioche.de\/wpmourio\/wp-content\/uploads\/2009\/07\/brandagambar14-300x199.jpg 300w, https:\/\/www.mourioche.de\/wpmourio\/wp-content\/uploads\/2009\/07\/brandagambar14.jpg 800w\" sizes=\"auto, (max-width: 300px) 100vw, 300px\" \/><\/p>\n<p style=\"text-align: center;\">Punktekontrolle<\/p>\n<p style=\"text-align: center;\">\n<p style=\"text-align: center;\"><img loading=\"lazy\" decoding=\"async\" class=\"size-medium wp-image-178 aligncenter\" title=\"brandagambarbombadil\" src=\"https:\/\/www.mourioche.de\/wpmourio\/wp-content\/uploads\/2009\/07\/brandagambarbombadil1-300x199.jpg\" alt=\"Punkte unter sich.\" width=\"300\" height=\"199\" srcset=\"https:\/\/www.mourioche.de\/wpmourio\/wp-content\/uploads\/2009\/07\/brandagambarbombadil1-300x199.jpg 300w, https:\/\/www.mourioche.de\/wpmourio\/wp-content\/uploads\/2009\/07\/brandagambarbombadil1.jpg 800w\" sizes=\"auto, (max-width: 300px) 100vw, 300px\" \/><\/p>\n<p style=\"text-align: center;\">Punkte unter sich.<\/p>\n<p style=\"text-align: center;\">\n<p style=\"text-align: center;\"><img loading=\"lazy\" decoding=\"async\" class=\"size-medium wp-image-179 aligncenter\" title=\"bucca\" src=\"https:\/\/www.mourioche.de\/wpmourio\/wp-content\/uploads\/2009\/07\/bucca15-300x199.jpg\" alt=\"ey - ich bin auch noch da!\" width=\"300\" height=\"199\" srcset=\"https:\/\/www.mourioche.de\/wpmourio\/wp-content\/uploads\/2009\/07\/bucca15-300x199.jpg 300w, https:\/\/www.mourioche.de\/wpmourio\/wp-content\/uploads\/2009\/07\/bucca15.jpg 800w\" sizes=\"auto, (max-width: 300px) 100vw, 300px\" \/><\/p>\n<p style=\"text-align: center;\">ey &#8211; ich bin auch noch da!<\/p>\n<p style=\"text-align: center;\">\n<p style=\"text-align: center;\"><img loading=\"lazy\" decoding=\"async\" class=\"size-medium wp-image-180 aligncenter\" title=\"bucca\" src=\"https:\/\/www.mourioche.de\/wpmourio\/wp-content\/uploads\/2009\/07\/bucca23-300x199.jpg\" alt=\"Buccas Kopf so gro\u00df wie Blettas Pfote\" width=\"300\" height=\"199\" srcset=\"https:\/\/www.mourioche.de\/wpmourio\/wp-content\/uploads\/2009\/07\/bucca23-300x199.jpg 300w, https:\/\/www.mourioche.de\/wpmourio\/wp-content\/uploads\/2009\/07\/bucca23.jpg 800w\" sizes=\"auto, (max-width: 300px) 100vw, 300px\" \/><\/p>\n<p style=\"text-align: center;\">Buccas Kopf so gro\u00df wie Blettas Pfote<\/p>\n<p style=\"text-align: center;\">\n<p style=\"text-align: center;\"><img loading=\"lazy\" decoding=\"async\" class=\"size-medium wp-image-181 aligncenter\" title=\"buccabrandagambar\" src=\"https:\/\/www.mourioche.de\/wpmourio\/wp-content\/uploads\/2009\/07\/buccabrandagambar1-300x199.jpg\" alt=\"was war noch mal ein sanftes Ruhekissen?\" width=\"300\" height=\"199\" srcset=\"https:\/\/www.mourioche.de\/wpmourio\/wp-content\/uploads\/2009\/07\/buccabrandagambar1-300x199.jpg 300w, https:\/\/www.mourioche.de\/wpmourio\/wp-content\/uploads\/2009\/07\/buccabrandagambar1.jpg 800w\" sizes=\"auto, (max-width: 300px) 100vw, 300px\" \/><\/p>\n<p style=\"text-align: center;\">was war noch mal ein sanftes Ruhekissen?<\/p>\n<p style=\"text-align: center;\">\n<p style=\"text-align: center;\"><img loading=\"lazy\" decoding=\"async\" class=\"size-medium wp-image-182 aligncenter\" title=\"buccabrandagambar\" src=\"https:\/\/www.mourioche.de\/wpmourio\/wp-content\/uploads\/2009\/07\/buccabrandagambar2-300x199.jpg\" alt=\"egal - Hauptsache gem\u00fctlich!\" width=\"300\" height=\"199\" srcset=\"https:\/\/www.mourioche.de\/wpmourio\/wp-content\/uploads\/2009\/07\/buccabrandagambar2-300x199.jpg 300w, https:\/\/www.mourioche.de\/wpmourio\/wp-content\/uploads\/2009\/07\/buccabrandagambar2.jpg 800w\" sizes=\"auto, (max-width: 300px) 100vw, 300px\" \/><\/p>\n<p style=\"text-align: center;\">egal &#8211; Hauptsache gem\u00fctlich!<\/p>\n<p style=\"text-align: center;\"><strong>26.7.<\/strong><\/p>\n<p style=\"text-align: center;\">\u00dcbergang<\/p>\n<p style=\"text-align: center;\">\n<p style=\"text-align: left;\">Die ersten Lebenstage der Welpen werden als &#8222;neonatale Phase&#8220; bezeichnet (neonatal = neugeboren). Hieran schlie\u00dft sich mit dem \u00d6ffnen der Augen und Ohren die \u00dcbergangsphase an, die Mobilit\u00e4t nimmt zu, die Schlafphasen hingegen werden weniger und k\u00fcrzer. Die Kleinen beginnen, miteinander und mit Bletta zu interagieren, auch wenn alles noch recht unbeholfen vonstatten geht. Die Koordinationsf\u00e4higkeit steigt jedoch zusehends von Tag zu Tag.<\/p>\n<p style=\"text-align: left;\">Wir legen sehr viel Wert darauf, die Kleinen vom ersten Tag an menschlichen Kontakt zu gew\u00f6hnen. Au\u00dfer zum t\u00e4glichen Wiegen nehmen wir sie auch mehrmals am Tag zum Kuscheln und zur genauen Untersuchung z.B. des Bauchnabels aus der Wurfkiste. In den ersten Tagen nutzen wir hierzu die kurzen Momente, in denen Bletta nicht anwesend ist (auch eine Mutter muss gelegentlich Gassi), doch bereits nach kurzer Zeit akzeptiert Bletta die kleinen Ausfl\u00fcge ihres Nachwuchses.<\/p>\n<p style=\"text-align: center;\"><img loading=\"lazy\" decoding=\"async\" class=\"size-medium wp-image-163 aligncenter\" title=\"alle\" src=\"https:\/\/www.mourioche.de\/wpmourio\/wp-content\/uploads\/2009\/07\/alle12-300x199.jpg\" alt=\"wer spricht denn von H\u00fchnern auf der Leiter????\" width=\"300\" height=\"199\" srcset=\"https:\/\/www.mourioche.de\/wpmourio\/wp-content\/uploads\/2009\/07\/alle12-300x199.jpg 300w, https:\/\/www.mourioche.de\/wpmourio\/wp-content\/uploads\/2009\/07\/alle12.jpg 800w\" sizes=\"auto, (max-width: 300px) 100vw, 300px\" \/><\/p>\n<p style=\"text-align: center;\">wer spricht denn von H\u00fchnern auf der Leiter????<\/p>\n<p style=\"text-align: center;\">\n<p style=\"text-align: center;\"><img loading=\"lazy\" decoding=\"async\" class=\"size-medium wp-image-164 aligncenter\" title=\"alle\" src=\"https:\/\/www.mourioche.de\/wpmourio\/wp-content\/uploads\/2009\/07\/alle22-300x199.jpg\" alt=\"sind sie w\u00e4hrend einer Besprechung eingeschlafen?\" width=\"300\" height=\"199\" srcset=\"https:\/\/www.mourioche.de\/wpmourio\/wp-content\/uploads\/2009\/07\/alle22-300x199.jpg 300w, https:\/\/www.mourioche.de\/wpmourio\/wp-content\/uploads\/2009\/07\/alle22.jpg 800w\" sizes=\"auto, (max-width: 300px) 100vw, 300px\" \/><\/p>\n<p style=\"text-align: center;\">sind sie w\u00e4hrend einer Besprechung eingeschlafen?<\/p>\n<p style=\"text-align: center;\">\n<p style=\"text-align: center;\"><img loading=\"lazy\" decoding=\"async\" class=\"size-medium wp-image-165 aligncenter\" title=\"bergilbucca\" src=\"https:\/\/www.mourioche.de\/wpmourio\/wp-content\/uploads\/2009\/07\/bergilbucca-300x199.jpg\" alt=\"hin und weg\" width=\"300\" height=\"199\" srcset=\"https:\/\/www.mourioche.de\/wpmourio\/wp-content\/uploads\/2009\/07\/bergilbucca-300x199.jpg 300w, https:\/\/www.mourioche.de\/wpmourio\/wp-content\/uploads\/2009\/07\/bergilbucca.jpg 800w\" sizes=\"auto, (max-width: 300px) 100vw, 300px\" \/><\/p>\n<p style=\"text-align: center;\">hin und weg<\/p>\n<p style=\"text-align: center;\">\n<p style=\"text-align: center;\"><img loading=\"lazy\" decoding=\"async\" class=\"size-medium wp-image-166 aligncenter\" title=\"bombadil\" src=\"https:\/\/www.mourioche.de\/wpmourio\/wp-content\/uploads\/2009\/07\/bombadil13-300x199.jpg\" alt=\"ob er von gepunkteten Schafen tr\u00e4umt?\" width=\"300\" height=\"199\" srcset=\"https:\/\/www.mourioche.de\/wpmourio\/wp-content\/uploads\/2009\/07\/bombadil13-300x199.jpg 300w, https:\/\/www.mourioche.de\/wpmourio\/wp-content\/uploads\/2009\/07\/bombadil13.jpg 800w\" sizes=\"auto, (max-width: 300px) 100vw, 300px\" \/><\/p>\n<p style=\"text-align: center;\">ob er von gepunkteten Schafen tr\u00e4umt?<\/p>\n<p style=\"text-align: center;\">\n<p style=\"text-align: center;\"><img loading=\"lazy\" decoding=\"async\" class=\"size-medium wp-image-167 aligncenter\" title=\"bombadil\" src=\"https:\/\/www.mourioche.de\/wpmourio\/wp-content\/uploads\/2009\/07\/bombadil23-300x199.jpg\" alt=\"Kind und Hund - f\u00fcr beide Seiten ein tolles Erlebnis\" width=\"300\" height=\"199\" srcset=\"https:\/\/www.mourioche.de\/wpmourio\/wp-content\/uploads\/2009\/07\/bombadil23-300x199.jpg 300w, https:\/\/www.mourioche.de\/wpmourio\/wp-content\/uploads\/2009\/07\/bombadil23.jpg 800w\" sizes=\"auto, (max-width: 300px) 100vw, 300px\" \/><\/p>\n<p style=\"text-align: center;\">Kind und Hund &#8211; f\u00fcr beide Seiten ein tolles Erlebnis<\/p>\n<p style=\"text-align: center;\">\n<p style=\"text-align: center;\"><img loading=\"lazy\" decoding=\"async\" class=\"size-medium wp-image-168 aligncenter\" title=\"brandagambar\" src=\"https:\/\/www.mourioche.de\/wpmourio\/wp-content\/uploads\/2009\/07\/brandagambar13-300x199.jpg\" alt=\"es soll ja keiner zu kurz kommen!\" width=\"300\" height=\"199\" srcset=\"https:\/\/www.mourioche.de\/wpmourio\/wp-content\/uploads\/2009\/07\/brandagambar13-300x199.jpg 300w, https:\/\/www.mourioche.de\/wpmourio\/wp-content\/uploads\/2009\/07\/brandagambar13.jpg 800w\" sizes=\"auto, (max-width: 300px) 100vw, 300px\" \/><\/p>\n<p style=\"text-align: center;\">es soll ja keiner zu kurz kommen!<\/p>\n<p style=\"text-align: center;\">\n<p style=\"text-align: center;\"><img loading=\"lazy\" decoding=\"async\" class=\"size-medium wp-image-169 aligncenter\" title=\"bucca\" src=\"https:\/\/www.mourioche.de\/wpmourio\/wp-content\/uploads\/2009\/07\/bucca14-300x199.jpg\" alt=\"sind so kleine F\u00fc\u00dfe.....\" width=\"300\" height=\"199\" srcset=\"https:\/\/www.mourioche.de\/wpmourio\/wp-content\/uploads\/2009\/07\/bucca14-300x199.jpg 300w, https:\/\/www.mourioche.de\/wpmourio\/wp-content\/uploads\/2009\/07\/bucca14.jpg 800w\" sizes=\"auto, (max-width: 300px) 100vw, 300px\" \/><\/p>\n<p style=\"text-align: center;\">sind so kleine F\u00fc\u00dfe&#8230;..<\/p>\n<p style=\"text-align: center;\">\n<p style=\"text-align: center;\"><img loading=\"lazy\" decoding=\"async\" class=\"size-medium wp-image-170 aligncenter\" title=\"alle\" src=\"https:\/\/www.mourioche.de\/wpmourio\/wp-content\/uploads\/2009\/07\/alle3-300x178.jpg\" alt=\"und DAS ist gem\u00fctlich?\" width=\"300\" height=\"178\" srcset=\"https:\/\/www.mourioche.de\/wpmourio\/wp-content\/uploads\/2009\/07\/alle3-300x178.jpg 300w, https:\/\/www.mourioche.de\/wpmourio\/wp-content\/uploads\/2009\/07\/alle3.jpg 800w\" sizes=\"auto, (max-width: 300px) 100vw, 300px\" \/><\/p>\n<p style=\"text-align: center;\">und DAS ist gem\u00fctlich?<\/p>\n<p style=\"text-align: center;\">\n<p style=\"text-align: center;\"><strong>23.07.<\/strong><\/p>\n<p style=\"text-align: center;\">Hopplahopp<\/p>\n<p style=\"text-align: left;\">\n<p style=\"text-align: left;\">Die Ereignisse \u00fcberschlagen sich! Seit gestern schon (9. Lebenstag) haben Bergil und Bucca die Augen ge\u00f6ffnet, heute morgen hat Bombadil nachgezogen, nur Brandagambar steht noch im Dunkeln &#8211; das wird sich aber bald \u00e4ndern&#8230; Richtig sehen k\u00f6nnen die Kleinen allerdings noch nicht, das Gehirn muss diese F\u00e4higkeit erst lernen.<\/p>\n<p style=\"text-align: left;\">Auch die Ohren stehen jetzt nicht mehr wie Fl\u00fcgelchen rechts und links vom Kopf ab, sondern werden manierlich seitlich heruntergeklappt. Bald rutschen sie h\u00f6her, bis sie ihre endg\u00fcltige Stellung einnehmen, dauert es aber noch mehrere Monate. \u00a0Sie sind jedoch nicht mehr fest verschlossen, sondern der Geh\u00f6rgang \u00f6ffnet sich nach und nach, so dass mittlerweile auch Ger\u00e4usche verarbeitet werden.<\/p>\n<p style=\"text-align: left;\">Auch die Motorik macht Riesenfortschritte! Alle B\u00b4s k\u00f6nnen ihren K\u00f6rper von der Unterlage hochheben und einige wackelige Schritte machen. Wenn es schnell gehen soll, bringen sie allerdings noch die Reihenfolge der Beine durcheinander und purzeln auf die Seite. Dann wird fix gerobbt &#8211; nicht, dass die Bar geschlossen ist, bevor man ankommt!<\/p>\n<p style=\"text-align: center;\"><img loading=\"lazy\" decoding=\"async\" class=\"size-medium wp-image-155 aligncenter\" title=\"bombadilkuschelt\" src=\"https:\/\/www.mourioche.de\/wpmourio\/wp-content\/uploads\/2009\/07\/bombadilkuschelt1-300x199.jpg\" alt=\"Bombadil kuschelt\" width=\"300\" height=\"199\" srcset=\"https:\/\/www.mourioche.de\/wpmourio\/wp-content\/uploads\/2009\/07\/bombadilkuschelt1-300x199.jpg 300w, https:\/\/www.mourioche.de\/wpmourio\/wp-content\/uploads\/2009\/07\/bombadilkuschelt1.jpg 800w\" sizes=\"auto, (max-width: 300px) 100vw, 300px\" \/><\/p>\n<p style=\"text-align: center;\">Bombadil kuschelt<\/p>\n<p style=\"text-align: center;\">\n<p style=\"text-align: center;\"><img loading=\"lazy\" decoding=\"async\" class=\"size-medium wp-image-156 aligncenter\" title=\"bombadil kuschelt2\" src=\"https:\/\/www.mourioche.de\/wpmourio\/wp-content\/uploads\/2009\/07\/bombadilkuschelt2-300x199.jpg\" alt=\"...ausgiebig\" width=\"300\" height=\"199\" srcset=\"https:\/\/www.mourioche.de\/wpmourio\/wp-content\/uploads\/2009\/07\/bombadilkuschelt2-300x199.jpg 300w, https:\/\/www.mourioche.de\/wpmourio\/wp-content\/uploads\/2009\/07\/bombadilkuschelt2.jpg 800w\" sizes=\"auto, (max-width: 300px) 100vw, 300px\" \/><\/p>\n<p style=\"text-align: center;\">&#8230;ausgiebig<\/p>\n<p style=\"text-align: center;\">\n<p style=\"text-align: center;\"><img loading=\"lazy\" decoding=\"async\" class=\"size-medium wp-image-157 aligncenter\" title=\"brandagambar\" src=\"https:\/\/www.mourioche.de\/wpmourio\/wp-content\/uploads\/2009\/07\/brandagambar12-300x199.jpg\" alt=\"...schau ins Traumparadies...\" width=\"300\" height=\"199\" srcset=\"https:\/\/www.mourioche.de\/wpmourio\/wp-content\/uploads\/2009\/07\/brandagambar12-300x199.jpg 300w, https:\/\/www.mourioche.de\/wpmourio\/wp-content\/uploads\/2009\/07\/brandagambar12.jpg 800w\" sizes=\"auto, (max-width: 300px) 100vw, 300px\" \/><\/p>\n<p style=\"text-align: center;\">&#8230;schau ins Traumparadies&#8230;<\/p>\n<p style=\"text-align: center;\">\n<p style=\"text-align: center;\"><img loading=\"lazy\" decoding=\"async\" class=\"size-medium wp-image-158 aligncenter\" title=\"bucca\" src=\"https:\/\/www.mourioche.de\/wpmourio\/wp-content\/uploads\/2009\/07\/bucca13-300x199.jpg\" alt=\"ich schau Dir in die Augen, Kleines!\" width=\"300\" height=\"199\" srcset=\"https:\/\/www.mourioche.de\/wpmourio\/wp-content\/uploads\/2009\/07\/bucca13-300x199.jpg 300w, https:\/\/www.mourioche.de\/wpmourio\/wp-content\/uploads\/2009\/07\/bucca13.jpg 800w\" sizes=\"auto, (max-width: 300px) 100vw, 300px\" \/><\/p>\n<p style=\"text-align: center;\">ich schau Dir in die Augen, Kleines!<\/p>\n<p style=\"text-align: center;\">\n<p style=\"text-align: center;\"><img loading=\"lazy\" decoding=\"async\" class=\"size-medium wp-image-159 aligncenter\" title=\"bucca\" src=\"https:\/\/www.mourioche.de\/wpmourio\/wp-content\/uploads\/2009\/07\/bucca22-300x199.jpg\" alt=\"ohne Worte\" width=\"300\" height=\"199\" srcset=\"https:\/\/www.mourioche.de\/wpmourio\/wp-content\/uploads\/2009\/07\/bucca22-300x199.jpg 300w, https:\/\/www.mourioche.de\/wpmourio\/wp-content\/uploads\/2009\/07\/bucca22.jpg 800w\" sizes=\"auto, (max-width: 300px) 100vw, 300px\" \/><\/p>\n<p style=\"text-align: center;\">ohne Worte<\/p>\n<p style=\"text-align: center;\">\n<p style=\"text-align: center;\"><img loading=\"lazy\" decoding=\"async\" class=\"size-medium wp-image-160 aligncenter\" title=\"bucca\" src=\"https:\/\/www.mourioche.de\/wpmourio\/wp-content\/uploads\/2009\/07\/bucca3-300x199.jpg\" alt=\"wie in Abrahams Scho\u00df - nur ohne Bart\" width=\"300\" height=\"199\" srcset=\"https:\/\/www.mourioche.de\/wpmourio\/wp-content\/uploads\/2009\/07\/bucca3-300x199.jpg 300w, https:\/\/www.mourioche.de\/wpmourio\/wp-content\/uploads\/2009\/07\/bucca3.jpg 800w\" sizes=\"auto, (max-width: 300px) 100vw, 300px\" \/><\/p>\n<p style=\"text-align: center;\">wie in Abrahams Scho\u00df &#8211; nur ohne Bart<\/p>\n<p style=\"text-align: center;\">\n<p style=\"text-align: center;\"><img loading=\"lazy\" decoding=\"async\" class=\"size-medium wp-image-161 aligncenter\" title=\"bucca bombadil\" src=\"https:\/\/www.mourioche.de\/wpmourio\/wp-content\/uploads\/2009\/07\/buccabombadil-300x199.jpg\" alt=\"Auf Wolke drei und dann rechts ab\" width=\"300\" height=\"199\" srcset=\"https:\/\/www.mourioche.de\/wpmourio\/wp-content\/uploads\/2009\/07\/buccabombadil-300x199.jpg 300w, https:\/\/www.mourioche.de\/wpmourio\/wp-content\/uploads\/2009\/07\/buccabombadil.jpg 800w\" sizes=\"auto, (max-width: 300px) 100vw, 300px\" \/><\/p>\n<p style=\"text-align: center;\">Auf Wolke drei und dann rechts ab<\/p>\n<p style=\"text-align: center;\"><strong>21. 07.<\/strong><\/p>\n<p style=\"text-align: center;\"><img loading=\"lazy\" decoding=\"async\" class=\"size-medium wp-image-137\" title=\"alle\" src=\"https:\/\/www.mourioche.de\/wpmourio\/wp-content\/uploads\/2009\/07\/alle2-300x199.jpg\" alt=\"Ein Kessel Buntes\" width=\"300\" height=\"199\" srcset=\"https:\/\/www.mourioche.de\/wpmourio\/wp-content\/uploads\/2009\/07\/alle2-300x199.jpg 300w, https:\/\/www.mourioche.de\/wpmourio\/wp-content\/uploads\/2009\/07\/alle2.jpg 800w\" sizes=\"auto, (max-width: 300px) 100vw, 300px\" \/><\/p>\n<p style=\"text-align: center;\">ein Kessel Buntes<\/p>\n<p style=\"text-align: center;\"><img loading=\"lazy\" decoding=\"async\" class=\"size-medium wp-image-138 aligncenter\" title=\"alle\" src=\"https:\/\/www.mourioche.de\/wpmourio\/wp-content\/uploads\/2009\/07\/alle21-300x199.jpg\" alt=\"\u00fcber mir, unter mir, neben mir - wo seid ihr?\" width=\"300\" height=\"199\" srcset=\"https:\/\/www.mourioche.de\/wpmourio\/wp-content\/uploads\/2009\/07\/alle21-300x199.jpg 300w, https:\/\/www.mourioche.de\/wpmourio\/wp-content\/uploads\/2009\/07\/alle21.jpg 800w\" sizes=\"auto, (max-width: 300px) 100vw, 300px\" \/><\/p>\n<p style=\"text-align: center;\">\u00fcber mir, unter mir, neben mir &#8211; wo seid ihr?<\/p>\n<p style=\"text-align: center;\">\n<p style=\"text-align: center;\"><img loading=\"lazy\" decoding=\"async\" class=\"size-medium wp-image-139 aligncenter\" title=\"brandagambar bombadil\" src=\"https:\/\/www.mourioche.de\/wpmourio\/wp-content\/uploads\/2009\/07\/brandagambarbombadil-300x199.jpg\" alt=\"Hoppala!\" width=\"300\" height=\"199\" srcset=\"https:\/\/www.mourioche.de\/wpmourio\/wp-content\/uploads\/2009\/07\/brandagambarbombadil-300x199.jpg 300w, https:\/\/www.mourioche.de\/wpmourio\/wp-content\/uploads\/2009\/07\/brandagambarbombadil.jpg 800w\" sizes=\"auto, (max-width: 300px) 100vw, 300px\" \/><\/p>\n<p style=\"text-align: center;\">Hoppala!<\/p>\n<p style=\"text-align: center;\">\n<p style=\"text-align: center;\"><img loading=\"lazy\" decoding=\"async\" class=\"size-medium wp-image-140 aligncenter\" title=\"bucca brandagambar\" src=\"https:\/\/www.mourioche.de\/wpmourio\/wp-content\/uploads\/2009\/07\/buccabrandagambar-300x199.jpg\" alt=\"wer nicht an die Seite geht, ist selber schuld!\" width=\"300\" height=\"199\" srcset=\"https:\/\/www.mourioche.de\/wpmourio\/wp-content\/uploads\/2009\/07\/buccabrandagambar-300x199.jpg 300w, https:\/\/www.mourioche.de\/wpmourio\/wp-content\/uploads\/2009\/07\/buccabrandagambar.jpg 800w\" sizes=\"auto, (max-width: 300px) 100vw, 300px\" \/><\/p>\n<p style=\"text-align: center;\">wer nicht an die Seite geht, ist selber schuld!<\/p>\n","protected":false},"excerpt":{"rendered":"<p>27.7. Sozialisierung Damit die B\u00b4s schon fr\u00fch lernen, dass es ausser uns auch noch andere nette Menschen auf der Welt gibt, ist Besuch immer gerne gesehen. Sobald die Kleinen mobil werden, steht einer Kuschelrunde mit Freunden des Hauses nichts mehr im Weg. Nat\u00fcrlich achten wir besonders auf grundlegende Hygieneregeln, um das Risiko einer Ansteckung zu &hellip; <a href=\"https:\/\/www.mourioche.de\/?page_id=136\" class=\"more-link\"><span class=\"screen-reader-text\">Blettas B-Wurf 2. Woche<\/span> weiterlesen <span class=\"meta-nav\">&rarr;<\/span><\/a><\/p>\n","protected":false},"author":2,"featured_media":0,"parent":1319,"menu_order":2022,"comment_status":"open","ping_status":"open","template":"","meta":{"footnotes":""},"class_list":["post-136","page","type-page","status-publish","hentry"],"_links":{"self":[{"href":"https:\/\/www.mourioche.de\/index.php?rest_route=\/wp\/v2\/pages\/136","targetHints":{"allow":["GET"]}}],"collection":[{"href":"https:\/\/www.mourioche.de\/index.php?rest_route=\/wp\/v2\/pages"}],"about":[{"href":"https:\/\/www.mourioche.de\/index.php?rest_route=\/wp\/v2\/types\/page"}],"author":[{"embeddable":true,"href":"https:\/\/www.mourioche.de\/index.php?rest_route=\/wp\/v2\/users\/2"}],"replies":[{"embeddable":true,"href":"https:\/\/www.mourioche.de\/index.php?rest_route=%2Fwp%2Fv2%2Fcomments&post=136"}],"version-history":[{"count":0,"href":"https:\/\/www.mourioche.de\/index.php?rest_route=\/wp\/v2\/pages\/136\/revisions"}],"up":[{"embeddable":true,"href":"https:\/\/www.mourioche.de\/index.php?rest_route=\/wp\/v2\/pages\/1319"}],"wp:attachment":[{"href":"https:\/\/www.mourioche.de\/index.php?rest_route=%2Fwp%2Fv2%2Fmedia&parent=136"}],"curies":[{"name":"wp","href":"https:\/\/api.w.org\/{rel}","templated":true}]}}