{"id":6401,"date":"2013-08-16T23:21:04","date_gmt":"2013-08-16T21:21:04","guid":{"rendered":"http:\/\/www.mourioche.de\/?page_id=6401"},"modified":"2013-10-10T17:14:52","modified_gmt":"2013-10-10T15:14:52","slug":"brandagambar-du-mourioche-das-da","status":"publish","type":"page","link":"https:\/\/www.mourioche.de\/?page_id=6401","title":{"rendered":"Brandagambar du Mourioche &#8222;Das Da&#8220;"},"content":{"rendered":"<p>Am 14.07.2009 war es soweit: Unser B-Wurf (Bletta de Kliandie x Kresken vom Heidetal) wurde geboren. 2 R\u00fcden, 2 H\u00fcndinnen und schnell war klar: Das getupfte M\u00e4dchen soll bei uns bleiben. Wir tauften sie auf den Namen &#8222;Brandagambar&#8220; mit dem Ziel, sie &#8222;Da&#8220; zu rufen. Soweit die Theorie&#8230; In der Praxis stellte sich jedoch schnell heraus, dass &#8222;Da&#8220; irgendwie unpraktisch war. So richtig konnten wir uns an das Einsilbige nicht gew\u00f6hnen und wenn wir \u00fcber sie sprachen, h\u00f6rte sich das immer z.B. so an: &#8222;Hast Du das Da irgendwo gesehen?&#8220; &#8222;Hab ich Dir schon erz\u00e4hlt, was das Da wieder angestellt hat?&#8220; &#8222;Guck mal, was das Da heute tolles gelernt hat!&#8220; und so weiter&#8230; Nat\u00fcrlich h\u00e4tten wir auch die Da sagen k\u00f6nnen, aber f\u00fcr uns war sie immer &#8222;das&#8220;, wie in &#8222;das M\u00e4dchen&#8220;. Rasch merkten wir, dass sich &#8222;das Da&#8220; auch besser rufen lie\u00df (zumindest f\u00fcr uns) und so beschlossen wir, dass sie im Alltag von nun an &#8222;Das Da&#8220; hei\u00dfen soll &#8211; sehr zu Freude der Sprecher bei den Agility-Turnieren, die oft mit einer netten Bemerkung \u00fcber diesen doch eher ausgefallenen Namen das Publikum erheitern&#8230;<\/p>\n<p style=\"text-align: center;\"><a href=\"https:\/\/www.mourioche.de\/wpmourio\/wp-content\/uploads\/2013\/04\/dasda2.jpg\"><img loading=\"lazy\" decoding=\"async\" class=\"aligncenter size-medium wp-image-6211\" title=\"dasda2\" src=\"https:\/\/www.mourioche.de\/wpmourio\/wp-content\/uploads\/2013\/04\/dasda2-300x199.jpg\" alt=\"\" width=\"300\" height=\"199\" srcset=\"https:\/\/www.mourioche.de\/wpmourio\/wp-content\/uploads\/2013\/04\/dasda2-300x199.jpg 300w, https:\/\/www.mourioche.de\/wpmourio\/wp-content\/uploads\/2013\/04\/dasda2-150x99.jpg 150w, https:\/\/www.mourioche.de\/wpmourio\/wp-content\/uploads\/2013\/04\/dasda2-400x266.jpg 400w, https:\/\/www.mourioche.de\/wpmourio\/wp-content\/uploads\/2013\/04\/dasda2.jpg 800w\" sizes=\"auto, (max-width: 300px) 100vw, 300px\" \/><\/a><\/p>\n<p>Das Da \u00fcberzeugte uns von Anfang an durch ihre Charme-Offensive, der kaum jemand widerstehen kann. Mit ihrem pfiffigem Ausdruck und ihrem fr\u00f6hlichen Wesen, ihrer immer guten Laune und ihrer offenen Art erobert sie die Herzen im Sturm. Dass sie dabei auch Besuchern ungebeten auf den Scho\u00df springt&#8230; nun ja&#8230; ich habe nie behauptet, meine Hunde seien perfekt erzogen&#8230; Von der Zur\u00fcckhaltung und dem Misstrauen, das vielen Berger des Pyr\u00e9n\u00e9es zu eigen ist, ist bei ihr jedenfalls nichts zu sp\u00fcren. Ich glaube, sie ist der Meinung, die Welt ist nur erschaffen, um sie zu erfreuen, und so beginnt sie jeden Tag mit einem &#8222;L\u00e4cheln&#8220;. Mit ihrer unbek\u00fcmmerten Art, sich respektlos gegen die erwachsenen Hunde durchzusetzen, kam sie als Welpe immer ans Ziel. Wenn wir zum Beispiel Kauknochen an alle Hunde verteilten, hatten die &#8222;Gro\u00dfen&#8220; rasch keinen mehr, Das Da jedoch einen reichen Vorrat \ud83d\ude09 Nicht weil sie in irgendeiner Art aggressiv gewesen w\u00e4re &#8211; aber den anderen hat es einfach nicht mehr geschmeckt, wenn sie entweder mit flehendem Blick vor ihnen lag oder sie sich gleich v\u00f6llig respektlos auf sie drauf gesetzt hat. &#8222;Ach Kind, dann nimm halt und lass mich in Ruhe&#8230;&#8220;<\/p>\n<figure id=\"attachment_560\" aria-describedby=\"caption-attachment-560\" style=\"width: 300px\" class=\"wp-caption aligncenter\"><a href=\"https:\/\/www.mourioche.de\/wpmourio\/wp-content\/uploads\/2009\/09\/suess.jpg\"><img loading=\"lazy\" decoding=\"async\" class=\"size-medium wp-image-560\" title=\"suess\" src=\"https:\/\/www.mourioche.de\/wpmourio\/wp-content\/uploads\/2009\/09\/suess-300x199.jpg\" alt=\"\" width=\"300\" height=\"199\" srcset=\"https:\/\/www.mourioche.de\/wpmourio\/wp-content\/uploads\/2009\/09\/suess-300x199.jpg 300w, https:\/\/www.mourioche.de\/wpmourio\/wp-content\/uploads\/2009\/09\/suess.jpg 800w\" sizes=\"auto, (max-width: 300px) 100vw, 300px\" \/><\/a><figcaption id=\"caption-attachment-560\" class=\"wp-caption-text\">geht doch!<\/figcaption><\/figure>\n<p style=\"text-align: left;\">Nat\u00fcrlich war von Anfang an das Ziel, sie auch im Agility zu f\u00fchren. Bonny (meine Border Collie H\u00fcndin *01-05-2000) w\u00fcrde in absehbarer Zeit in den verdienten Agility-Ruhestand wechseln, so dass ich einen Nachwuchshund ausbilden wollte. Das Da hatte gegen meine Pl\u00e4ne nichts einzuwenden \ud83d\ude09 und das Training mit ihr machte von Anfang an viel Freude. Die Begleithundepr\u00fcfung (VDH) stellte keine allzu gro\u00dfe Herausforderung dar und wir bestanden sie gleich zweimal hintereinander (beim 2. Mal im Team mit ihrem Bruder Bombadil Babou). Auch am Agility findet sie viel Spa\u00df und startet mittlerweile in der A3. Munter und fr\u00f6hlich h\u00fcpft sie durch die Parcoure, unser &#8222;Gute-Laune-Flummi&#8220;.<\/p>\n<p>&nbsp;<\/p>\n<p style=\"text-align: center;\"><a href=\"https:\/\/www.mourioche.de\/wpmourio\/wp-content\/uploads\/2012\/12\/dasda11.jpg\"><img loading=\"lazy\" decoding=\"async\" class=\"aligncenter size-medium wp-image-5552\" title=\"dasda1\" src=\"https:\/\/www.mourioche.de\/wpmourio\/wp-content\/uploads\/2012\/12\/dasda11-239x300.jpg\" alt=\"\" width=\"239\" height=\"300\" srcset=\"https:\/\/www.mourioche.de\/wpmourio\/wp-content\/uploads\/2012\/12\/dasda11-239x300.jpg 239w, https:\/\/www.mourioche.de\/wpmourio\/wp-content\/uploads\/2012\/12\/dasda11-119x150.jpg 119w, https:\/\/www.mourioche.de\/wpmourio\/wp-content\/uploads\/2012\/12\/dasda11-400x501.jpg 400w, https:\/\/www.mourioche.de\/wpmourio\/wp-content\/uploads\/2012\/12\/dasda11.jpg 800w\" sizes=\"auto, (max-width: 239px) 100vw, 239px\" \/><\/a><\/p>\n<p>Unseren Kindern, besonders Philine (der j\u00fcngsten) ist sei ein treuer und geduldiger Spielkamerad. Klaglos l\u00e4sst sie sich von ihr an der Leine f\u00fchren oder sie liegen gemeinsam im K\u00f6rbchen. Nie w\u00fcrde sie auf die Idee kommen, z.B. ihr Futter gegen ein zweibeiniges Familienmitglied zu verteidigen &#8211; von den anderen Vierbeinern l\u00e4sst sie sich allerdings nichts abluchsen \ud83d\ude09<\/p>\n<p>Wir freuen uns sehr, unser Leben mit ihr teilen zu k\u00f6nnen und hoffen, dass sie die Zucht der Mourioches fortf\u00fchren wird.<\/p>\n","protected":false},"excerpt":{"rendered":"<p>Am 14.07.2009 war es soweit: Unser B-Wurf (Bletta de Kliandie x Kresken vom Heidetal) wurde geboren. 2 R\u00fcden, 2 H\u00fcndinnen und schnell war klar: Das getupfte M\u00e4dchen soll bei uns bleiben. Wir tauften sie auf den Namen &#8222;Brandagambar&#8220; mit dem Ziel, sie &#8222;Da&#8220; zu rufen. Soweit die Theorie&#8230; In der Praxis stellte sich jedoch schnell &hellip; <a href=\"https:\/\/www.mourioche.de\/?page_id=6401\" class=\"more-link\"><span class=\"screen-reader-text\">Brandagambar du Mourioche &#8222;Das Da&#8220;<\/span> weiterlesen <span class=\"meta-nav\">&rarr;<\/span><\/a><\/p>\n","protected":false},"author":2,"featured_media":0,"parent":0,"menu_order":2100,"comment_status":"open","ping_status":"open","template":"","meta":{"footnotes":""},"class_list":["post-6401","page","type-page","status-publish","hentry"],"_links":{"self":[{"href":"https:\/\/www.mourioche.de\/index.php?rest_route=\/wp\/v2\/pages\/6401","targetHints":{"allow":["GET"]}}],"collection":[{"href":"https:\/\/www.mourioche.de\/index.php?rest_route=\/wp\/v2\/pages"}],"about":[{"href":"https:\/\/www.mourioche.de\/index.php?rest_route=\/wp\/v2\/types\/page"}],"author":[{"embeddable":true,"href":"https:\/\/www.mourioche.de\/index.php?rest_route=\/wp\/v2\/users\/2"}],"replies":[{"embeddable":true,"href":"https:\/\/www.mourioche.de\/index.php?rest_route=%2Fwp%2Fv2%2Fcomments&post=6401"}],"version-history":[{"count":10,"href":"https:\/\/www.mourioche.de\/index.php?rest_route=\/wp\/v2\/pages\/6401\/revisions"}],"predecessor-version":[{"id":6409,"href":"https:\/\/www.mourioche.de\/index.php?rest_route=\/wp\/v2\/pages\/6401\/revisions\/6409"}],"wp:attachment":[{"href":"https:\/\/www.mourioche.de\/index.php?rest_route=%2Fwp%2Fv2%2Fmedia&parent=6401"}],"curies":[{"name":"wp","href":"https:\/\/api.w.org\/{rel}","templated":true}]}}

<p>Am 14.07.2009 war es soweit: Unser B-Wurf (Bletta de Kliandie x Kresken vom Heidetal) wurde geboren. 2 Rüden, 2 Hündinnen und schnell war klar: Das getupfte Mädchen soll bei uns bleiben. Wir tauften sie auf den Namen &#8222;Brandagambar&#8220; mit dem Ziel, sie &#8222;Da&#8220; zu rufen. Soweit die Theorie&#8230; In der Praxis stellte sich jedoch schnell heraus, dass &#8222;Da&#8220; irgendwie unpraktisch war. So richtig konnten wir uns an das Einsilbige nicht gewöhnen und wenn wir über sie sprachen, hörte sich das immer z.B. so an: &#8222;Hast Du das Da irgendwo gesehen?&#8220; &#8222;Hab ich Dir schon erzählt, was das Da wieder angestellt hat?&#8220; &#8222;Guck mal, was das Da heute tolles gelernt hat!&#8220; und so weiter&#8230; Natürlich hätten wir auch die Da sagen können, aber für uns war sie immer &#8222;das&#8220;, wie in &#8222;das Mädchen&#8220;. Rasch merkten wir, dass sich &#8222;das Da&#8220; auch besser rufen ließ (zumindest für uns) und so beschlossen wir, dass sie im Alltag von nun an &#8222;Das Da&#8220; heißen soll &#8211; sehr zu Freude der Sprecher bei den Agility-Turnieren, die oft mit einer netten Bemerkung über diesen doch eher ausgefallenen Namen das Publikum erheitern&#8230;</p>
<p style="text-align: center;"><a href="https://www.mourioche.de/wpmourio/wp-content/uploads/2013/04/dasda2.jpg"><img loading="lazy" decoding="async" class="aligncenter size-medium wp-image-6211" title="dasda2" src="https://www.mourioche.de/wpmourio/wp-content/uploads/2013/04/dasda2-300x199.jpg" alt="" width="300" height="199" srcset="https://www.mourioche.de/wpmourio/wp-content/uploads/2013/04/dasda2-300x199.jpg 300w, https://www.mourioche.de/wpmourio/wp-content/uploads/2013/04/dasda2-150x99.jpg 150w, https://www.mourioche.de/wpmourio/wp-content/uploads/2013/04/dasda2-400x266.jpg 400w, https://www.mourioche.de/wpmourio/wp-content/uploads/2013/04/dasda2.jpg 800w" sizes="auto, (max-width: 300px) 100vw, 300px" /></a></p>
<p>Das Da überzeugte uns von Anfang an durch ihre Charme-Offensive, der kaum jemand widerstehen kann. Mit ihrem pfiffigem Ausdruck und ihrem fröhlichen Wesen, ihrer immer guten Laune und ihrer offenen Art erobert sie die Herzen im Sturm. Dass sie dabei auch Besuchern ungebeten auf den Schoß springt&#8230; nun ja&#8230; ich habe nie behauptet, meine Hunde seien perfekt erzogen&#8230; Von der Zurückhaltung und dem Misstrauen, das vielen Berger des Pyrénées zu eigen ist, ist bei ihr jedenfalls nichts zu spüren. Ich glaube, sie ist der Meinung, die Welt ist nur erschaffen, um sie zu erfreuen, und so beginnt sie jeden Tag mit einem &#8222;Lächeln&#8220;. Mit ihrer unbekümmerten Art, sich respektlos gegen die erwachsenen Hunde durchzusetzen, kam sie als Welpe immer ans Ziel. Wenn wir zum Beispiel Kauknochen an alle Hunde verteilten, hatten die &#8222;Großen&#8220; rasch keinen mehr, Das Da jedoch einen reichen Vorrat 😉 Nicht weil sie in irgendeiner Art aggressiv gewesen wäre &#8211; aber den anderen hat es einfach nicht mehr geschmeckt, wenn sie entweder mit flehendem Blick vor ihnen lag oder sie sich gleich völlig respektlos auf sie drauf gesetzt hat. &#8222;Ach Kind, dann nimm halt und lass mich in Ruhe&#8230;&#8220;</p>
<figure id="attachment_560" aria-describedby="caption-attachment-560" style="width: 300px" class="wp-caption aligncenter"><a href="https://www.mourioche.de/wpmourio/wp-content/uploads/2009/09/suess.jpg"><img loading="lazy" decoding="async" class="size-medium wp-image-560" title="suess" src="https://www.mourioche.de/wpmourio/wp-content/uploads/2009/09/suess-300x199.jpg" alt="" width="300" height="199" srcset="https://www.mourioche.de/wpmourio/wp-content/uploads/2009/09/suess-300x199.jpg 300w, https://www.mourioche.de/wpmourio/wp-content/uploads/2009/09/suess.jpg 800w" sizes="auto, (max-width: 300px) 100vw, 300px" /></a><figcaption id="caption-attachment-560" class="wp-caption-text">geht doch!</figcaption></figure>
<p style="text-align: left;">Natürlich war von Anfang an das Ziel, sie auch im Agility zu führen. Bonny (meine Border Collie Hündin *01-05-2000) würde in absehbarer Zeit in den verdienten Agility-Ruhestand wechseln, so dass ich einen Nachwuchshund ausbilden wollte. Das Da hatte gegen meine Pläne nichts einzuwenden 😉 und das Training mit ihr machte von Anfang an viel Freude. Die Begleithundeprüfung (VDH) stellte keine allzu große Herausforderung dar und wir bestanden sie gleich zweimal hintereinander (beim 2. Mal im Team mit ihrem Bruder Bombadil Babou). Auch am Agility findet sie viel Spaß und startet mittlerweile in der A3. Munter und fröhlich hüpft sie durch die Parcoure, unser &#8222;Gute-Laune-Flummi&#8220;.</p>
<p>&nbsp;</p>
<p style="text-align: center;"><a href="https://www.mourioche.de/wpmourio/wp-content/uploads/2012/12/dasda11.jpg"><img loading="lazy" decoding="async" class="aligncenter size-medium wp-image-5552" title="dasda1" src="https://www.mourioche.de/wpmourio/wp-content/uploads/2012/12/dasda11-239x300.jpg" alt="" width="239" height="300" srcset="https://www.mourioche.de/wpmourio/wp-content/uploads/2012/12/dasda11-239x300.jpg 239w, https://www.mourioche.de/wpmourio/wp-content/uploads/2012/12/dasda11-119x150.jpg 119w, https://www.mourioche.de/wpmourio/wp-content/uploads/2012/12/dasda11-400x501.jpg 400w, https://www.mourioche.de/wpmourio/wp-content/uploads/2012/12/dasda11.jpg 800w" sizes="auto, (max-width: 239px) 100vw, 239px" /></a></p>
<p>Unseren Kindern, besonders Philine (der jüngsten) ist sei ein treuer und geduldiger Spielkamerad. Klaglos lässt sie sich von ihr an der Leine führen oder sie liegen gemeinsam im Körbchen. Nie würde sie auf die Idee kommen, z.B. ihr Futter gegen ein zweibeiniges Familienmitglied zu verteidigen &#8211; von den anderen Vierbeinern lässt sie sich allerdings nichts abluchsen 😉</p>
<p>Wir freuen uns sehr, unser Leben mit ihr teilen zu können und hoffen, dass sie die Zucht der Mourioches fortführen wird.</p>

<p>Am 14.07.2009 war es soweit: Unser B-Wurf (Bletta de Kliandie x Kresken vom Heidetal) wurde geboren. 2 Rüden, 2 Hündinnen und schnell war klar: Das getupfte Mädchen soll bei uns bleiben. Wir tauften sie auf den Namen &#8222;Brandagambar&#8220; mit dem Ziel, sie &#8222;Da&#8220; zu rufen. Soweit die Theorie&#8230; In der Praxis stellte sich jedoch schnell &hellip; <a href="https://www.mourioche.de/?page_id=6401" class="more-link"><span class="screen-reader-text">Brandagambar du Mourioche &#8222;Das Da&#8220;</span> weiterlesen <span class="meta-nav">&rarr;</span></a></p>
