{"id":6514,"date":"2013-09-20T06:52:45","date_gmt":"2013-09-20T04:52:45","guid":{"rendered":"http:\/\/www.mourioche.de\/?page_id=6514"},"modified":"2013-11-05T12:16:40","modified_gmt":"2013-11-05T10:16:40","slug":"das-das-f-wurf","status":"publish","type":"page","link":"https:\/\/www.mourioche.de\/?page_id=6514","title":{"rendered":"Das Da F-Wurf"},"content":{"rendered":"<p>Im Men\u00fc ist f\u00fcr jede neue Woche unseres F-Wurfs ein Link zu finden, mit den besten Fotos und den neuesten Entwicklungen.<\/p>\n<p>Bergeron z Tylenu Moravia (\u201cApachi\u201d)\u00a0x Brandagambar du Mourioche (&#8222;Das Da&#8220;)<\/p>\n<p>* 17.09.2013<\/p>\n<p>Finwe (R\u00fcde), Fili (H\u00fcndin), Faramir (R\u00fcde)<\/p>\n","protected":false},"excerpt":{"rendered":"<p>Im Men\u00fc ist f\u00fcr jede neue Woche unseres F-Wurfs ein Link zu finden, mit den besten Fotos und den neuesten Entwicklungen. Bergeron z Tylenu Moravia (\u201cApachi\u201d)\u00a0x Brandagambar du Mourioche (&#8222;Das Da&#8220;) * 17.09.2013 Finwe (R\u00fcde), Fili (H\u00fcndin), Faramir (R\u00fcde)<\/p>\n","protected":false},"author":3,"featured_media":0,"parent":6512,"menu_order":2110,"comment_status":"open","ping_status":"open","template":"","meta":{"footnotes":""},"class_list":["post-6514","page","type-page","status-publish","hentry"],"_links":{"self":[{"href":"https:\/\/www.mourioche.de\/index.php?rest_route=\/wp\/v2\/pages\/6514","targetHints":{"allow":["GET"]}}],"collection":[{"href":"https:\/\/www.mourioche.de\/index.php?rest_route=\/wp\/v2\/pages"}],"about":[{"href":"https:\/\/www.mourioche.de\/index.php?rest_route=\/wp\/v2\/types\/page"}],"author":[{"embeddable":true,"href":"https:\/\/www.mourioche.de\/index.php?rest_route=\/wp\/v2\/users\/3"}],"replies":[{"embeddable":true,"href":"https:\/\/www.mourioche.de\/index.php?rest_route=%2Fwp%2Fv2%2Fcomments&post=6514"}],"version-history":[{"count":8,"href":"https:\/\/www.mourioche.de\/index.php?rest_route=\/wp\/v2\/pages\/6514\/revisions"}],"predecessor-version":[{"id":6525,"href":"https:\/\/www.mourioche.de\/index.php?rest_route=\/wp\/v2\/pages\/6514\/revisions\/6525"}],"up":[{"embeddable":true,"href":"https:\/\/www.mourioche.de\/index.php?rest_route=\/wp\/v2\/pages\/6512"}],"wp:attachment":[{"href":"https:\/\/www.mourioche.de\/index.php?rest_route=%2Fwp%2Fv2%2Fmedia&parent=6514"}],"curies":[{"name":"wp","href":"https:\/\/api.w.org\/{rel}","templated":true}]}}