{"id":6915,"date":"2013-11-07T16:04:10","date_gmt":"2013-11-07T14:04:10","guid":{"rendered":"http:\/\/www.mourioche.de\/?page_id=6915"},"modified":"2014-12-23T17:20:58","modified_gmt":"2014-12-23T15:20:58","slug":"das-da-f-wurf-8-woche","status":"publish","type":"page","link":"https:\/\/www.mourioche.de\/?page_id=6915","title":{"rendered":"Das Da F-Wurf 8. Woche"},"content":{"rendered":"<p style=\"text-align: center;\"><strong>09.11.2013<\/strong><\/p>\n<p style=\"text-align: center;\"><a href=\"https:\/\/www.mourioche.de\/wpmourio\/wp-content\/uploads\/2013\/11\/str1.jpg\"><img loading=\"lazy\" decoding=\"async\" class=\"aligncenter size-medium wp-image-6927\" title=\"str1\" src=\"https:\/\/www.mourioche.de\/wpmourio\/wp-content\/uploads\/2013\/11\/str1-300x199.jpg\" alt=\"\" width=\"300\" height=\"199\" srcset=\"https:\/\/www.mourioche.de\/wpmourio\/wp-content\/uploads\/2013\/11\/str1-300x199.jpg 300w, https:\/\/www.mourioche.de\/wpmourio\/wp-content\/uploads\/2013\/11\/str1-150x99.jpg 150w, https:\/\/www.mourioche.de\/wpmourio\/wp-content\/uploads\/2013\/11\/str1-400x266.jpg 400w, https:\/\/www.mourioche.de\/wpmourio\/wp-content\/uploads\/2013\/11\/str1.jpg 800w\" sizes=\"auto, (max-width: 300px) 100vw, 300px\" \/><\/a>So oft wie m\u00f6glich gehen wir mit den Kleinen an unserer Stra\u00dfe entlang, damit sie sich an den Autoverkehr gew\u00f6hnen. Es ist &#8222;nur&#8220; eine relativ schwach befahrene Stra\u00dfe, so dass die Kleinen nicht gestresst werden. Zu Anfang fanden sie die schnellen gro\u00dfen Dinger noch eher unheimlich, mittlerweile st\u00f6ren sie sich nicht mehr an den gelegentlich vorbei fahrenden Autos. Auch Radfahrer, Fu\u00dfg\u00e4nger, Walker etc. werden mit v\u00f6lliger Gelassenheit hingenommen.<\/p>\n<p style=\"text-align: center;\"><a href=\"https:\/\/www.mourioche.de\/wpmourio\/wp-content\/uploads\/2013\/11\/str2.jpg\"><img loading=\"lazy\" decoding=\"async\" class=\"aligncenter size-medium wp-image-6928\" title=\"str2\" src=\"https:\/\/www.mourioche.de\/wpmourio\/wp-content\/uploads\/2013\/11\/str2-293x300.jpg\" alt=\"\" width=\"293\" height=\"300\" srcset=\"https:\/\/www.mourioche.de\/wpmourio\/wp-content\/uploads\/2013\/11\/str2-293x300.jpg 293w, https:\/\/www.mourioche.de\/wpmourio\/wp-content\/uploads\/2013\/11\/str2-146x150.jpg 146w, https:\/\/www.mourioche.de\/wpmourio\/wp-content\/uploads\/2013\/11\/str2-400x409.jpg 400w, https:\/\/www.mourioche.de\/wpmourio\/wp-content\/uploads\/2013\/11\/str2.jpg 800w\" sizes=\"auto, (max-width: 293px) 100vw, 293px\" \/><\/a>\u00a0das sieht ja schon halbwegs geordnet aus &#8211; allerdings nur f\u00fcr wenige Sekunden, dann gibt es wieder &#8222;Leinensalat&#8220; \ud83d\ude09<\/p>\n<p style=\"text-align: center;\"><a href=\"https:\/\/www.mourioche.de\/wpmourio\/wp-content\/uploads\/2013\/11\/str3.jpg\"><img loading=\"lazy\" decoding=\"async\" class=\"aligncenter size-medium wp-image-6929\" title=\"str3\" src=\"https:\/\/www.mourioche.de\/wpmourio\/wp-content\/uploads\/2013\/11\/str3-300x199.jpg\" alt=\"\" width=\"300\" height=\"199\" srcset=\"https:\/\/www.mourioche.de\/wpmourio\/wp-content\/uploads\/2013\/11\/str3-300x199.jpg 300w, https:\/\/www.mourioche.de\/wpmourio\/wp-content\/uploads\/2013\/11\/str3-150x99.jpg 150w, https:\/\/www.mourioche.de\/wpmourio\/wp-content\/uploads\/2013\/11\/str3-400x266.jpg 400w, https:\/\/www.mourioche.de\/wpmourio\/wp-content\/uploads\/2013\/11\/str3.jpg 800w\" sizes=\"auto, (max-width: 300px) 100vw, 300px\" \/><\/a>\u00a0die Ausfl\u00fcge dauern nur wenige Minuten, dann geht es wieder ab nach Hause.<\/p>\n<p style=\"text-align: center;\">Unsere F\u00b4s sind mittlerweile geimpft, gechipt und tier\u00e4rztlich f\u00fcr v\u00f6llig gesund und gut entwickelt befunden worden. Auch die Wurfabnahme haben sie ohne Beanstandungen \u00fcberstanden &#8211; es hat gewisse Vorteile, wenn die Welpen sich vorher ordentlich m\u00fcde spielen, dann lassen sie alle Untersuchungen und Messungen prima \u00fcber sich ergehen \ud83d\ude09<\/p>\n<p style=\"text-align: center;\"><strong>07.11.2013<\/strong><\/p>\n<p style=\"text-align: left;\">Kaum zu glauben: Schon hat die letzte Woche, die unsere \u00c4f-F-chen gemeinsam mit uns verbringen werden, angefangen. So viel haben sie gelernt in den vergangenen Wochen, ihre rasante Entwicklung \u00fcberrascht uns immer wieder auf\u00b4s Neue. Sie flitzen fr\u00f6hlich und unbek\u00fcmmert durch die Gegend und bereiten uns immer wieder unendlich viel Freude. Tag f\u00fcr Tag bereichern sie unser Leben.<\/p>\n<p style=\"text-align: left;\">Heute stand ein besonderes Erlebnis auf dem Programm: Besuch in Philines Krabbelgruppe!<\/p>\n<p style=\"text-align: center;\"><a href=\"https:\/\/www.mourioche.de\/wpmourio\/wp-content\/uploads\/2013\/11\/kontakt1.jpg\"><img loading=\"lazy\" decoding=\"async\" class=\"aligncenter size-medium wp-image-6916\" title=\"kontakt1\" src=\"https:\/\/www.mourioche.de\/wpmourio\/wp-content\/uploads\/2013\/11\/kontakt1-300x199.jpg\" alt=\"\" width=\"300\" height=\"199\" srcset=\"https:\/\/www.mourioche.de\/wpmourio\/wp-content\/uploads\/2013\/11\/kontakt1-300x199.jpg 300w, https:\/\/www.mourioche.de\/wpmourio\/wp-content\/uploads\/2013\/11\/kontakt1-150x99.jpg 150w, https:\/\/www.mourioche.de\/wpmourio\/wp-content\/uploads\/2013\/11\/kontakt1-400x266.jpg 400w, https:\/\/www.mourioche.de\/wpmourio\/wp-content\/uploads\/2013\/11\/kontakt1.jpg 800w\" sizes=\"auto, (max-width: 300px) 100vw, 300px\" \/><\/a>ganz vorsichtig durften die Kinder Kontakt mit den Welpen aufnehmen und sie streicheln<\/p>\n<p style=\"text-align: center;\"><a href=\"https:\/\/www.mourioche.de\/wpmourio\/wp-content\/uploads\/2013\/11\/1.jpg\"><img loading=\"lazy\" decoding=\"async\" class=\"aligncenter size-medium wp-image-6917\" title=\"1\" src=\"https:\/\/www.mourioche.de\/wpmourio\/wp-content\/uploads\/2013\/11\/1-300x256.jpg\" alt=\"\" width=\"300\" height=\"256\" srcset=\"https:\/\/www.mourioche.de\/wpmourio\/wp-content\/uploads\/2013\/11\/1-300x256.jpg 300w, https:\/\/www.mourioche.de\/wpmourio\/wp-content\/uploads\/2013\/11\/1-150x128.jpg 150w, https:\/\/www.mourioche.de\/wpmourio\/wp-content\/uploads\/2013\/11\/1-400x342.jpg 400w, https:\/\/www.mourioche.de\/wpmourio\/wp-content\/uploads\/2013\/11\/1.jpg 800w\" sizes=\"auto, (max-width: 300px) 100vw, 300px\" \/><\/a><\/p>\n<p style=\"text-align: center;\"><a href=\"https:\/\/www.mourioche.de\/wpmourio\/wp-content\/uploads\/2013\/11\/2.jpg\"><img loading=\"lazy\" decoding=\"async\" class=\"aligncenter size-medium wp-image-6918\" title=\"2\" src=\"https:\/\/www.mourioche.de\/wpmourio\/wp-content\/uploads\/2013\/11\/2-300x199.jpg\" alt=\"\" width=\"300\" height=\"199\" srcset=\"https:\/\/www.mourioche.de\/wpmourio\/wp-content\/uploads\/2013\/11\/2-300x199.jpg 300w, https:\/\/www.mourioche.de\/wpmourio\/wp-content\/uploads\/2013\/11\/2-150x99.jpg 150w, https:\/\/www.mourioche.de\/wpmourio\/wp-content\/uploads\/2013\/11\/2-400x266.jpg 400w, https:\/\/www.mourioche.de\/wpmourio\/wp-content\/uploads\/2013\/11\/2.jpg 800w\" sizes=\"auto, (max-width: 300px) 100vw, 300px\" \/><\/a><\/p>\n<p style=\"text-align: center;\"><a href=\"https:\/\/www.mourioche.de\/wpmourio\/wp-content\/uploads\/2013\/11\/3.jpg\"><img loading=\"lazy\" decoding=\"async\" class=\"aligncenter size-medium wp-image-6919\" title=\"3\" src=\"https:\/\/www.mourioche.de\/wpmourio\/wp-content\/uploads\/2013\/11\/3-216x300.jpg\" alt=\"\" width=\"216\" height=\"300\" srcset=\"https:\/\/www.mourioche.de\/wpmourio\/wp-content\/uploads\/2013\/11\/3-216x300.jpg 216w, https:\/\/www.mourioche.de\/wpmourio\/wp-content\/uploads\/2013\/11\/3-737x1024.jpg 737w, https:\/\/www.mourioche.de\/wpmourio\/wp-content\/uploads\/2013\/11\/3-108x150.jpg 108w, https:\/\/www.mourioche.de\/wpmourio\/wp-content\/uploads\/2013\/11\/3-400x555.jpg 400w, https:\/\/www.mourioche.de\/wpmourio\/wp-content\/uploads\/2013\/11\/3.jpg 800w\" sizes=\"auto, (max-width: 216px) 100vw, 216px\" \/><\/a><\/p>\n<p style=\"text-align: center;\"><a href=\"https:\/\/www.mourioche.de\/wpmourio\/wp-content\/uploads\/2013\/11\/6.jpg\"><img loading=\"lazy\" decoding=\"async\" class=\"aligncenter size-medium wp-image-6920\" title=\"6\" src=\"https:\/\/www.mourioche.de\/wpmourio\/wp-content\/uploads\/2013\/11\/6-300x240.jpg\" alt=\"\" width=\"300\" height=\"240\" srcset=\"https:\/\/www.mourioche.de\/wpmourio\/wp-content\/uploads\/2013\/11\/6-300x240.jpg 300w, https:\/\/www.mourioche.de\/wpmourio\/wp-content\/uploads\/2013\/11\/6-150x120.jpg 150w, https:\/\/www.mourioche.de\/wpmourio\/wp-content\/uploads\/2013\/11\/6-400x321.jpg 400w, https:\/\/www.mourioche.de\/wpmourio\/wp-content\/uploads\/2013\/11\/6.jpg 800w\" sizes=\"auto, (max-width: 300px) 100vw, 300px\" \/><\/a><\/p>\n<p style=\"text-align: center;\"><a href=\"https:\/\/www.mourioche.de\/wpmourio\/wp-content\/uploads\/2013\/11\/4.jpg\"><img loading=\"lazy\" decoding=\"async\" class=\"aligncenter size-medium wp-image-6921\" title=\"4\" src=\"https:\/\/www.mourioche.de\/wpmourio\/wp-content\/uploads\/2013\/11\/4-300x266.jpg\" alt=\"\" width=\"300\" height=\"266\" srcset=\"https:\/\/www.mourioche.de\/wpmourio\/wp-content\/uploads\/2013\/11\/4-300x266.jpg 300w, https:\/\/www.mourioche.de\/wpmourio\/wp-content\/uploads\/2013\/11\/4-150x133.jpg 150w, https:\/\/www.mourioche.de\/wpmourio\/wp-content\/uploads\/2013\/11\/4-400x355.jpg 400w, https:\/\/www.mourioche.de\/wpmourio\/wp-content\/uploads\/2013\/11\/4.jpg 800w\" sizes=\"auto, (max-width: 300px) 100vw, 300px\" \/><\/a>\u00a0ein tolles Erlebnis f\u00fcr alle Zwei- und Vierbeiner!<\/p>\n<p style=\"text-align: left;\">Und so sieht es aus, wenn unsere \u00c4f-F-chen mit den &#8222;Gro\u00dfen&#8220; spielen:<\/p>\n<p><iframe loading=\"lazy\" src=\"\/\/www.youtube.com\/embed\/u-QpDIMFWyQ?rel=0\" width=\"560\" height=\"315\" frameborder=\"0\"><\/iframe><\/p>\n","protected":false},"excerpt":{"rendered":"<p>09.11.2013 So oft wie m\u00f6glich gehen wir mit den Kleinen an unserer Stra\u00dfe entlang, damit sie sich an den Autoverkehr gew\u00f6hnen. Es ist &#8222;nur&#8220; eine relativ schwach befahrene Stra\u00dfe, so dass die Kleinen nicht gestresst werden. Zu Anfang fanden sie die schnellen gro\u00dfen Dinger noch eher unheimlich, mittlerweile st\u00f6ren sie sich nicht mehr an den &hellip; <a href=\"https:\/\/www.mourioche.de\/?page_id=6915\" class=\"more-link\"><span class=\"screen-reader-text\">Das Da F-Wurf 8. Woche<\/span> weiterlesen <span class=\"meta-nav\">&rarr;<\/span><\/a><\/p>\n","protected":false},"author":2,"featured_media":0,"parent":6514,"menu_order":2118,"comment_status":"open","ping_status":"open","template":"","meta":{"footnotes":""},"class_list":["post-6915","page","type-page","status-publish","hentry"],"_links":{"self":[{"href":"https:\/\/www.mourioche.de\/index.php?rest_route=\/wp\/v2\/pages\/6915","targetHints":{"allow":["GET"]}}],"collection":[{"href":"https:\/\/www.mourioche.de\/index.php?rest_route=\/wp\/v2\/pages"}],"about":[{"href":"https:\/\/www.mourioche.de\/index.php?rest_route=\/wp\/v2\/types\/page"}],"author":[{"embeddable":true,"href":"https:\/\/www.mourioche.de\/index.php?rest_route=\/wp\/v2\/users\/2"}],"replies":[{"embeddable":true,"href":"https:\/\/www.mourioche.de\/index.php?rest_route=%2Fwp%2Fv2%2Fcomments&post=6915"}],"version-history":[{"count":7,"href":"https:\/\/www.mourioche.de\/index.php?rest_route=\/wp\/v2\/pages\/6915\/revisions"}],"predecessor-version":[{"id":7403,"href":"https:\/\/www.mourioche.de\/index.php?rest_route=\/wp\/v2\/pages\/6915\/revisions\/7403"}],"up":[{"embeddable":true,"href":"https:\/\/www.mourioche.de\/index.php?rest_route=\/wp\/v2\/pages\/6514"}],"wp:attachment":[{"href":"https:\/\/www.mourioche.de\/index.php?rest_route=%2Fwp%2Fv2%2Fmedia&parent=6915"}],"curies":[{"name":"wp","href":"https:\/\/api.w.org\/{rel}","templated":true}]}}