{"id":7590,"date":"2015-01-20T22:00:47","date_gmt":"2015-01-20T20:00:47","guid":{"rendered":"http:\/\/www.mourioche.de\/?page_id=7590"},"modified":"2015-01-23T19:25:07","modified_gmt":"2015-01-23T17:25:07","slug":"das-das-g-wurf-5-woche","status":"publish","type":"page","link":"https:\/\/www.mourioche.de\/?page_id=7590","title":{"rendered":"Das Da G-Wurf, 5. Woche"},"content":{"rendered":"<p style=\"text-align: center;\"><strong>21.05.2015<\/strong><\/p>\n<p style=\"text-align: center;\">Die Sonne scheint! Ab nach Drau\u00dfen!<\/p>\n<p style=\"text-align: center;\"><a href=\"https:\/\/www.mourioche.de\/wpmourio\/wp-content\/uploads\/2015\/01\/drei12.jpg\"><img loading=\"lazy\" decoding=\"async\" class=\"aligncenter size-medium wp-image-7611\" src=\"https:\/\/www.mourioche.de\/wpmourio\/wp-content\/uploads\/2015\/01\/drei12-300x235.jpg\" alt=\"drei1\" width=\"300\" height=\"235\" srcset=\"https:\/\/www.mourioche.de\/wpmourio\/wp-content\/uploads\/2015\/01\/drei12-300x235.jpg 300w, https:\/\/www.mourioche.de\/wpmourio\/wp-content\/uploads\/2015\/01\/drei12-150x117.jpg 150w, https:\/\/www.mourioche.de\/wpmourio\/wp-content\/uploads\/2015\/01\/drei12-400x314.jpg 400w, https:\/\/www.mourioche.de\/wpmourio\/wp-content\/uploads\/2015\/01\/drei12.jpg 800w\" sizes=\"auto, (max-width: 300px) 100vw, 300px\" \/><br \/>\n<\/a><\/p>\n<p style=\"text-align: center;\"><a href=\"https:\/\/www.mourioche.de\/wpmourio\/wp-content\/uploads\/2015\/01\/gilraen14.jpg\"><img loading=\"lazy\" decoding=\"async\" class=\"aligncenter size-medium wp-image-7613\" src=\"https:\/\/www.mourioche.de\/wpmourio\/wp-content\/uploads\/2015\/01\/gilraen14-300x199.jpg\" alt=\"gilraen1\" width=\"300\" height=\"199\" srcset=\"https:\/\/www.mourioche.de\/wpmourio\/wp-content\/uploads\/2015\/01\/gilraen14-300x199.jpg 300w, https:\/\/www.mourioche.de\/wpmourio\/wp-content\/uploads\/2015\/01\/gilraen14-150x99.jpg 150w, https:\/\/www.mourioche.de\/wpmourio\/wp-content\/uploads\/2015\/01\/gilraen14-400x266.jpg 400w, https:\/\/www.mourioche.de\/wpmourio\/wp-content\/uploads\/2015\/01\/gilraen14.jpg 800w\" sizes=\"auto, (max-width: 300px) 100vw, 300px\" \/><br \/>\n<\/a><\/p>\n<p style=\"text-align: center;\"><a href=\"https:\/\/www.mourioche.de\/wpmourio\/wp-content\/uploads\/2015\/01\/gilraen23.jpg\"><img loading=\"lazy\" decoding=\"async\" class=\"aligncenter size-medium wp-image-7614\" src=\"https:\/\/www.mourioche.de\/wpmourio\/wp-content\/uploads\/2015\/01\/gilraen23-232x300.jpg\" alt=\"gilraen2\" width=\"232\" height=\"300\" srcset=\"https:\/\/www.mourioche.de\/wpmourio\/wp-content\/uploads\/2015\/01\/gilraen23-232x300.jpg 232w, https:\/\/www.mourioche.de\/wpmourio\/wp-content\/uploads\/2015\/01\/gilraen23-793x1024.jpg 793w, https:\/\/www.mourioche.de\/wpmourio\/wp-content\/uploads\/2015\/01\/gilraen23-116x150.jpg 116w, https:\/\/www.mourioche.de\/wpmourio\/wp-content\/uploads\/2015\/01\/gilraen23-400x516.jpg 400w, https:\/\/www.mourioche.de\/wpmourio\/wp-content\/uploads\/2015\/01\/gilraen23.jpg 800w\" sizes=\"auto, (max-width: 232px) 100vw, 232px\" \/><br \/>\n<\/a><\/p>\n<p style=\"text-align: center;\"><a href=\"https:\/\/www.mourioche.de\/wpmourio\/wp-content\/uploads\/2015\/01\/gilraen32.jpg\"><img loading=\"lazy\" decoding=\"async\" class=\"aligncenter size-medium wp-image-7615\" src=\"https:\/\/www.mourioche.de\/wpmourio\/wp-content\/uploads\/2015\/01\/gilraen32-300x199.jpg\" alt=\"gilraen3\" width=\"300\" height=\"199\" srcset=\"https:\/\/www.mourioche.de\/wpmourio\/wp-content\/uploads\/2015\/01\/gilraen32-300x199.jpg 300w, https:\/\/www.mourioche.de\/wpmourio\/wp-content\/uploads\/2015\/01\/gilraen32-150x99.jpg 150w, https:\/\/www.mourioche.de\/wpmourio\/wp-content\/uploads\/2015\/01\/gilraen32-400x266.jpg 400w, https:\/\/www.mourioche.de\/wpmourio\/wp-content\/uploads\/2015\/01\/gilraen32.jpg 800w\" sizes=\"auto, (max-width: 300px) 100vw, 300px\" \/><br \/>\n<\/a><\/p>\n<p style=\"text-align: center;\"><a href=\"https:\/\/www.mourioche.de\/wpmourio\/wp-content\/uploads\/2015\/01\/zwei13.jpg\"><img loading=\"lazy\" decoding=\"async\" class=\"aligncenter size-medium wp-image-7616\" src=\"https:\/\/www.mourioche.de\/wpmourio\/wp-content\/uploads\/2015\/01\/zwei13-300x256.jpg\" alt=\"zwei1\" width=\"300\" height=\"256\" srcset=\"https:\/\/www.mourioche.de\/wpmourio\/wp-content\/uploads\/2015\/01\/zwei13-300x256.jpg 300w, https:\/\/www.mourioche.de\/wpmourio\/wp-content\/uploads\/2015\/01\/zwei13-150x128.jpg 150w, https:\/\/www.mourioche.de\/wpmourio\/wp-content\/uploads\/2015\/01\/zwei13-400x342.jpg 400w, https:\/\/www.mourioche.de\/wpmourio\/wp-content\/uploads\/2015\/01\/zwei13.jpg 800w\" sizes=\"auto, (max-width: 300px) 100vw, 300px\" \/><br \/>\n<\/a><\/p>\n<p style=\"text-align: center;\"><a href=\"https:\/\/www.mourioche.de\/wpmourio\/wp-content\/uploads\/2015\/01\/zwei22.jpg\"><img loading=\"lazy\" decoding=\"async\" class=\"aligncenter size-medium wp-image-7617\" src=\"https:\/\/www.mourioche.de\/wpmourio\/wp-content\/uploads\/2015\/01\/zwei22-300x181.jpg\" alt=\"zwei2\" width=\"300\" height=\"181\" srcset=\"https:\/\/www.mourioche.de\/wpmourio\/wp-content\/uploads\/2015\/01\/zwei22-300x181.jpg 300w, https:\/\/www.mourioche.de\/wpmourio\/wp-content\/uploads\/2015\/01\/zwei22-150x90.jpg 150w, https:\/\/www.mourioche.de\/wpmourio\/wp-content\/uploads\/2015\/01\/zwei22-400x241.jpg 400w, https:\/\/www.mourioche.de\/wpmourio\/wp-content\/uploads\/2015\/01\/zwei22.jpg 800w\" sizes=\"auto, (max-width: 300px) 100vw, 300px\" \/><br \/>\n<\/a><\/p>\n<p style=\"text-align: center;\"><a href=\"https:\/\/www.mourioche.de\/wpmourio\/wp-content\/uploads\/2015\/01\/zwei31.jpg\"><img loading=\"lazy\" decoding=\"async\" class=\"aligncenter size-medium wp-image-7618\" src=\"https:\/\/www.mourioche.de\/wpmourio\/wp-content\/uploads\/2015\/01\/zwei31-265x300.jpg\" alt=\"zwei3\" width=\"265\" height=\"300\" srcset=\"https:\/\/www.mourioche.de\/wpmourio\/wp-content\/uploads\/2015\/01\/zwei31-265x300.jpg 265w, https:\/\/www.mourioche.de\/wpmourio\/wp-content\/uploads\/2015\/01\/zwei31-132x150.jpg 132w, https:\/\/www.mourioche.de\/wpmourio\/wp-content\/uploads\/2015\/01\/zwei31-400x451.jpg 400w, https:\/\/www.mourioche.de\/wpmourio\/wp-content\/uploads\/2015\/01\/zwei31.jpg 800w\" sizes=\"auto, (max-width: 265px) 100vw, 265px\" \/><\/a><\/p>\n<p style=\"text-align: center;\">doch auch im Haus wird eifrig gespielt und erkundet!<\/p>\n<p><iframe loading=\"lazy\" src=\"\/\/www.youtube.com\/embed\/L0XEG15rThs?feature=player_detailpage\" width=\"640\" height=\"360\" frameborder=\"0\" allowfullscreen=\"allowfullscreen\"><\/iframe><\/p>\n<p style=\"text-align: center;\"><strong>20.01.2015<\/strong><\/p>\n<p style=\"text-align: center;\">Die Regenpausen nutzen wir f\u00fcr kurze Ausfl\u00fcge nach Drau\u00dfen. Mittlerweile haben wir unsere Rampe aufgebaut, so dass die G\u00b4s bei ge\u00f6ffneter Terrassent\u00fcr selbst\u00e4ndig in den Garten gehen k\u00f6nnen. Zus\u00e4tzlich haben wir den &#8222;Spielplatz&#8220; im Innenbereich mit neuen Spielsachen dekoriert, die sofort genau untersucht und getestet werden.<\/p>\n<p style=\"text-align: center;\"><a href=\"https:\/\/www.mourioche.de\/wpmourio\/wp-content\/uploads\/2015\/01\/drei11.jpg\"><img loading=\"lazy\" decoding=\"async\" class=\"aligncenter size-medium wp-image-7591\" src=\"https:\/\/www.mourioche.de\/wpmourio\/wp-content\/uploads\/2015\/01\/drei11-300x225.jpg\" alt=\"drei1\" width=\"300\" height=\"225\" srcset=\"https:\/\/www.mourioche.de\/wpmourio\/wp-content\/uploads\/2015\/01\/drei11-300x225.jpg 300w, https:\/\/www.mourioche.de\/wpmourio\/wp-content\/uploads\/2015\/01\/drei11-150x112.jpg 150w, https:\/\/www.mourioche.de\/wpmourio\/wp-content\/uploads\/2015\/01\/drei11-400x300.jpg 400w, https:\/\/www.mourioche.de\/wpmourio\/wp-content\/uploads\/2015\/01\/drei11.jpg 800w\" sizes=\"auto, (max-width: 300px) 100vw, 300px\" \/><\/a>komm raus, spielen!<a href=\"https:\/\/www.mourioche.de\/wpmourio\/wp-content\/uploads\/2015\/01\/fress1.jpg\"><img loading=\"lazy\" decoding=\"async\" class=\"aligncenter size-medium wp-image-7592\" src=\"https:\/\/www.mourioche.de\/wpmourio\/wp-content\/uploads\/2015\/01\/fress1-300x199.jpg\" alt=\"fress1\" width=\"300\" height=\"199\" srcset=\"https:\/\/www.mourioche.de\/wpmourio\/wp-content\/uploads\/2015\/01\/fress1-300x199.jpg 300w, https:\/\/www.mourioche.de\/wpmourio\/wp-content\/uploads\/2015\/01\/fress1-150x99.jpg 150w, https:\/\/www.mourioche.de\/wpmourio\/wp-content\/uploads\/2015\/01\/fress1-400x266.jpg 400w, https:\/\/www.mourioche.de\/wpmourio\/wp-content\/uploads\/2015\/01\/fress1.jpg 800w\" sizes=\"auto, (max-width: 300px) 100vw, 300px\" \/><\/a>oh, es gibt Essen! Lecker!<a href=\"https:\/\/www.mourioche.de\/wpmourio\/wp-content\/uploads\/2015\/01\/galadriel13.jpg\"><img loading=\"lazy\" decoding=\"async\" class=\"aligncenter size-medium wp-image-7593\" src=\"https:\/\/www.mourioche.de\/wpmourio\/wp-content\/uploads\/2015\/01\/galadriel13-300x199.jpg\" alt=\"galadriel1\" width=\"300\" height=\"199\" srcset=\"https:\/\/www.mourioche.de\/wpmourio\/wp-content\/uploads\/2015\/01\/galadriel13-300x199.jpg 300w, https:\/\/www.mourioche.de\/wpmourio\/wp-content\/uploads\/2015\/01\/galadriel13-150x99.jpg 150w, https:\/\/www.mourioche.de\/wpmourio\/wp-content\/uploads\/2015\/01\/galadriel13-400x266.jpg 400w, https:\/\/www.mourioche.de\/wpmourio\/wp-content\/uploads\/2015\/01\/galadriel13.jpg 800w\" sizes=\"auto, (max-width: 300px) 100vw, 300px\" \/><\/a>Aber am Besten schmeckt es immer noch bei Mama!<a href=\"https:\/\/www.mourioche.de\/wpmourio\/wp-content\/uploads\/2015\/01\/galadriel23.jpg\"><img loading=\"lazy\" decoding=\"async\" class=\"aligncenter size-medium wp-image-7594\" src=\"https:\/\/www.mourioche.de\/wpmourio\/wp-content\/uploads\/2015\/01\/galadriel23-211x300.jpg\" alt=\"galadriel2\" width=\"211\" height=\"300\" srcset=\"https:\/\/www.mourioche.de\/wpmourio\/wp-content\/uploads\/2015\/01\/galadriel23-211x300.jpg 211w, https:\/\/www.mourioche.de\/wpmourio\/wp-content\/uploads\/2015\/01\/galadriel23-721x1024.jpg 721w, https:\/\/www.mourioche.de\/wpmourio\/wp-content\/uploads\/2015\/01\/galadriel23-105x150.jpg 105w, https:\/\/www.mourioche.de\/wpmourio\/wp-content\/uploads\/2015\/01\/galadriel23-400x568.jpg 400w, https:\/\/www.mourioche.de\/wpmourio\/wp-content\/uploads\/2015\/01\/galadriel23.jpg 800w\" sizes=\"auto, (max-width: 211px) 100vw, 211px\" \/><\/a>was es hier alles zu sehen gibt!<a href=\"https:\/\/www.mourioche.de\/wpmourio\/wp-content\/uploads\/2015\/01\/gandalf13.jpg\"><img loading=\"lazy\" decoding=\"async\" class=\"aligncenter size-medium wp-image-7595\" src=\"https:\/\/www.mourioche.de\/wpmourio\/wp-content\/uploads\/2015\/01\/gandalf13-206x300.jpg\" alt=\"gandalf1\" width=\"206\" height=\"300\" srcset=\"https:\/\/www.mourioche.de\/wpmourio\/wp-content\/uploads\/2015\/01\/gandalf13-206x300.jpg 206w, https:\/\/www.mourioche.de\/wpmourio\/wp-content\/uploads\/2015\/01\/gandalf13-703x1024.jpg 703w, https:\/\/www.mourioche.de\/wpmourio\/wp-content\/uploads\/2015\/01\/gandalf13-103x150.jpg 103w, https:\/\/www.mourioche.de\/wpmourio\/wp-content\/uploads\/2015\/01\/gandalf13-400x582.jpg 400w, https:\/\/www.mourioche.de\/wpmourio\/wp-content\/uploads\/2015\/01\/gandalf13.jpg 800w\" sizes=\"auto, (max-width: 206px) 100vw, 206px\" \/><\/a>warte, ich komme auch gucken!<a href=\"https:\/\/www.mourioche.de\/wpmourio\/wp-content\/uploads\/2015\/01\/gandalf21.jpg\"><img loading=\"lazy\" decoding=\"async\" class=\"aligncenter size-medium wp-image-7596\" src=\"https:\/\/www.mourioche.de\/wpmourio\/wp-content\/uploads\/2015\/01\/gandalf21-245x300.jpg\" alt=\"gandalf2\" width=\"245\" height=\"300\" srcset=\"https:\/\/www.mourioche.de\/wpmourio\/wp-content\/uploads\/2015\/01\/gandalf21-245x300.jpg 245w, https:\/\/www.mourioche.de\/wpmourio\/wp-content\/uploads\/2015\/01\/gandalf21-122x150.jpg 122w, https:\/\/www.mourioche.de\/wpmourio\/wp-content\/uploads\/2015\/01\/gandalf21-400x489.jpg 400w, https:\/\/www.mourioche.de\/wpmourio\/wp-content\/uploads\/2015\/01\/gandalf21.jpg 800w\" sizes=\"auto, (max-width: 245px) 100vw, 245px\" \/><\/a>ist doch ganz einfach!<a href=\"https:\/\/www.mourioche.de\/wpmourio\/wp-content\/uploads\/2015\/01\/gandalf31.jpg\"><img loading=\"lazy\" decoding=\"async\" class=\"aligncenter size-medium wp-image-7597\" src=\"https:\/\/www.mourioche.de\/wpmourio\/wp-content\/uploads\/2015\/01\/gandalf31-298x300.jpg\" alt=\"gandalf3\" width=\"298\" height=\"300\" srcset=\"https:\/\/www.mourioche.de\/wpmourio\/wp-content\/uploads\/2015\/01\/gandalf31-298x300.jpg 298w, https:\/\/www.mourioche.de\/wpmourio\/wp-content\/uploads\/2015\/01\/gandalf31-150x150.jpg 150w, https:\/\/www.mourioche.de\/wpmourio\/wp-content\/uploads\/2015\/01\/gandalf31-400x402.jpg 400w, https:\/\/www.mourioche.de\/wpmourio\/wp-content\/uploads\/2015\/01\/gandalf31-144x144.jpg 144w, https:\/\/www.mourioche.de\/wpmourio\/wp-content\/uploads\/2015\/01\/gandalf31.jpg 800w\" sizes=\"auto, (max-width: 298px) 100vw, 298px\" \/><\/a>in der Ecke sitzen alle Welpen gerne<a href=\"https:\/\/www.mourioche.de\/wpmourio\/wp-content\/uploads\/2015\/01\/gilraen13.jpg\"><img loading=\"lazy\" decoding=\"async\" class=\"aligncenter size-medium wp-image-7598\" src=\"https:\/\/www.mourioche.de\/wpmourio\/wp-content\/uploads\/2015\/01\/gilraen13-294x300.jpg\" alt=\"gilraen1\" width=\"294\" height=\"300\" srcset=\"https:\/\/www.mourioche.de\/wpmourio\/wp-content\/uploads\/2015\/01\/gilraen13-294x300.jpg 294w, https:\/\/www.mourioche.de\/wpmourio\/wp-content\/uploads\/2015\/01\/gilraen13-147x150.jpg 147w, https:\/\/www.mourioche.de\/wpmourio\/wp-content\/uploads\/2015\/01\/gilraen13-400x408.jpg 400w, https:\/\/www.mourioche.de\/wpmourio\/wp-content\/uploads\/2015\/01\/gilraen13.jpg 800w\" sizes=\"auto, (max-width: 294px) 100vw, 294px\" \/><\/a>Gilraen ist erst noch etwas skeptisch<a href=\"https:\/\/www.mourioche.de\/wpmourio\/wp-content\/uploads\/2015\/01\/gilraen22.jpg\"><img loading=\"lazy\" decoding=\"async\" class=\"aligncenter size-medium wp-image-7599\" src=\"https:\/\/www.mourioche.de\/wpmourio\/wp-content\/uploads\/2015\/01\/gilraen22-300x259.jpg\" alt=\"gilraen2\" width=\"300\" height=\"259\" srcset=\"https:\/\/www.mourioche.de\/wpmourio\/wp-content\/uploads\/2015\/01\/gilraen22-300x259.jpg 300w, https:\/\/www.mourioche.de\/wpmourio\/wp-content\/uploads\/2015\/01\/gilraen22-150x129.jpg 150w, https:\/\/www.mourioche.de\/wpmourio\/wp-content\/uploads\/2015\/01\/gilraen22-400x345.jpg 400w, https:\/\/www.mourioche.de\/wpmourio\/wp-content\/uploads\/2015\/01\/gilraen22.jpg 800w\" sizes=\"auto, (max-width: 300px) 100vw, 300px\" \/><\/a>da raus? Wirklich?<a href=\"https:\/\/www.mourioche.de\/wpmourio\/wp-content\/uploads\/2015\/01\/gilraen31.jpg\"><img loading=\"lazy\" decoding=\"async\" class=\"aligncenter size-medium wp-image-7600\" src=\"https:\/\/www.mourioche.de\/wpmourio\/wp-content\/uploads\/2015\/01\/gilraen31-300x239.jpg\" alt=\"gilraen3\" width=\"300\" height=\"239\" srcset=\"https:\/\/www.mourioche.de\/wpmourio\/wp-content\/uploads\/2015\/01\/gilraen31-300x239.jpg 300w, https:\/\/www.mourioche.de\/wpmourio\/wp-content\/uploads\/2015\/01\/gilraen31-150x119.jpg 150w, https:\/\/www.mourioche.de\/wpmourio\/wp-content\/uploads\/2015\/01\/gilraen31-400x319.jpg 400w, https:\/\/www.mourioche.de\/wpmourio\/wp-content\/uploads\/2015\/01\/gilraen31.jpg 800w\" sizes=\"auto, (max-width: 300px) 100vw, 300px\" \/><\/a>ach, so geht das!?<a href=\"https:\/\/www.mourioche.de\/wpmourio\/wp-content\/uploads\/2015\/01\/klo1.jpg\"><img loading=\"lazy\" decoding=\"async\" class=\"aligncenter size-medium wp-image-7601\" src=\"https:\/\/www.mourioche.de\/wpmourio\/wp-content\/uploads\/2015\/01\/klo1-300x199.jpg\" alt=\"klo1\" width=\"300\" height=\"199\" srcset=\"https:\/\/www.mourioche.de\/wpmourio\/wp-content\/uploads\/2015\/01\/klo1-300x199.jpg 300w, https:\/\/www.mourioche.de\/wpmourio\/wp-content\/uploads\/2015\/01\/klo1-150x99.jpg 150w, https:\/\/www.mourioche.de\/wpmourio\/wp-content\/uploads\/2015\/01\/klo1-400x266.jpg 400w, https:\/\/www.mourioche.de\/wpmourio\/wp-content\/uploads\/2015\/01\/klo1.jpg 800w\" sizes=\"auto, (max-width: 300px) 100vw, 300px\" \/><\/a>nicht immer, aber immer \u00f6fter benutzen die G\u00b4s das Innenklo<a href=\"https:\/\/www.mourioche.de\/wpmourio\/wp-content\/uploads\/2015\/01\/neu1.jpg\"><img loading=\"lazy\" decoding=\"async\" class=\"aligncenter size-medium wp-image-7602\" src=\"https:\/\/www.mourioche.de\/wpmourio\/wp-content\/uploads\/2015\/01\/neu1-300x220.jpg\" alt=\"neu1\" width=\"300\" height=\"220\" srcset=\"https:\/\/www.mourioche.de\/wpmourio\/wp-content\/uploads\/2015\/01\/neu1-300x220.jpg 300w, https:\/\/www.mourioche.de\/wpmourio\/wp-content\/uploads\/2015\/01\/neu1-150x110.jpg 150w, https:\/\/www.mourioche.de\/wpmourio\/wp-content\/uploads\/2015\/01\/neu1-400x293.jpg 400w, https:\/\/www.mourioche.de\/wpmourio\/wp-content\/uploads\/2015\/01\/neu1.jpg 800w\" sizes=\"auto, (max-width: 300px) 100vw, 300px\" \/><\/a>ui, was Neues!<a href=\"https:\/\/www.mourioche.de\/wpmourio\/wp-content\/uploads\/2015\/01\/neu2.jpg\"><img loading=\"lazy\" decoding=\"async\" class=\"aligncenter size-medium wp-image-7603\" src=\"https:\/\/www.mourioche.de\/wpmourio\/wp-content\/uploads\/2015\/01\/neu2-300x199.jpg\" alt=\"neu2\" width=\"300\" height=\"199\" srcset=\"https:\/\/www.mourioche.de\/wpmourio\/wp-content\/uploads\/2015\/01\/neu2-300x199.jpg 300w, https:\/\/www.mourioche.de\/wpmourio\/wp-content\/uploads\/2015\/01\/neu2-150x99.jpg 150w, https:\/\/www.mourioche.de\/wpmourio\/wp-content\/uploads\/2015\/01\/neu2-400x266.jpg 400w, https:\/\/www.mourioche.de\/wpmourio\/wp-content\/uploads\/2015\/01\/neu2.jpg 800w\" sizes=\"auto, (max-width: 300px) 100vw, 300px\" \/><\/a>das bewegt sich ja! Toll!<a href=\"https:\/\/www.mourioche.de\/wpmourio\/wp-content\/uploads\/2015\/01\/spiel12.jpg\"><img loading=\"lazy\" decoding=\"async\" class=\"aligncenter size-medium wp-image-7604\" src=\"https:\/\/www.mourioche.de\/wpmourio\/wp-content\/uploads\/2015\/01\/spiel12-300x199.jpg\" alt=\"spiel1\" width=\"300\" height=\"199\" srcset=\"https:\/\/www.mourioche.de\/wpmourio\/wp-content\/uploads\/2015\/01\/spiel12-300x199.jpg 300w, https:\/\/www.mourioche.de\/wpmourio\/wp-content\/uploads\/2015\/01\/spiel12-150x99.jpg 150w, https:\/\/www.mourioche.de\/wpmourio\/wp-content\/uploads\/2015\/01\/spiel12-400x266.jpg 400w, https:\/\/www.mourioche.de\/wpmourio\/wp-content\/uploads\/2015\/01\/spiel12.jpg 800w\" sizes=\"auto, (max-width: 300px) 100vw, 300px\" \/><\/a>so, jetzt haben wir aber genug drin gespielt. Kommst du mit?<a href=\"https:\/\/www.mourioche.de\/wpmourio\/wp-content\/uploads\/2015\/01\/zwei12.jpg\"><img loading=\"lazy\" decoding=\"async\" class=\"aligncenter size-medium wp-image-7605\" src=\"https:\/\/www.mourioche.de\/wpmourio\/wp-content\/uploads\/2015\/01\/zwei12-228x300.jpg\" alt=\"zwei1\" width=\"228\" height=\"300\" srcset=\"https:\/\/www.mourioche.de\/wpmourio\/wp-content\/uploads\/2015\/01\/zwei12-228x300.jpg 228w, https:\/\/www.mourioche.de\/wpmourio\/wp-content\/uploads\/2015\/01\/zwei12-778x1024.jpg 778w, https:\/\/www.mourioche.de\/wpmourio\/wp-content\/uploads\/2015\/01\/zwei12-114x150.jpg 114w, https:\/\/www.mourioche.de\/wpmourio\/wp-content\/uploads\/2015\/01\/zwei12-400x526.jpg 400w, https:\/\/www.mourioche.de\/wpmourio\/wp-content\/uploads\/2015\/01\/zwei12.jpg 800w\" sizes=\"auto, (max-width: 228px) 100vw, 228px\" \/><\/a>Ab nach Drau\u00dfen!<a href=\"https:\/\/www.mourioche.de\/wpmourio\/wp-content\/uploads\/2015\/01\/zwei21.jpg\"><img loading=\"lazy\" decoding=\"async\" class=\"aligncenter size-medium wp-image-7606\" src=\"https:\/\/www.mourioche.de\/wpmourio\/wp-content\/uploads\/2015\/01\/zwei21-300x179.jpg\" alt=\"zwei2\" width=\"300\" height=\"179\" srcset=\"https:\/\/www.mourioche.de\/wpmourio\/wp-content\/uploads\/2015\/01\/zwei21-300x179.jpg 300w, https:\/\/www.mourioche.de\/wpmourio\/wp-content\/uploads\/2015\/01\/zwei21-150x89.jpg 150w, https:\/\/www.mourioche.de\/wpmourio\/wp-content\/uploads\/2015\/01\/zwei21-400x239.jpg 400w, https:\/\/www.mourioche.de\/wpmourio\/wp-content\/uploads\/2015\/01\/zwei21.jpg 800w\" sizes=\"auto, (max-width: 300px) 100vw, 300px\" \/><\/a>riecht alles so interessant&#8230;<a href=\"https:\/\/www.mourioche.de\/wpmourio\/wp-content\/uploads\/2015\/01\/zwei3.jpg\"><img loading=\"lazy\" decoding=\"async\" class=\"aligncenter size-medium wp-image-7607\" src=\"https:\/\/www.mourioche.de\/wpmourio\/wp-content\/uploads\/2015\/01\/zwei3-300x199.jpg\" alt=\"zwei3\" width=\"300\" height=\"199\" srcset=\"https:\/\/www.mourioche.de\/wpmourio\/wp-content\/uploads\/2015\/01\/zwei3-300x199.jpg 300w, https:\/\/www.mourioche.de\/wpmourio\/wp-content\/uploads\/2015\/01\/zwei3-150x99.jpg 150w, https:\/\/www.mourioche.de\/wpmourio\/wp-content\/uploads\/2015\/01\/zwei3-400x266.jpg 400w, https:\/\/www.mourioche.de\/wpmourio\/wp-content\/uploads\/2015\/01\/zwei3.jpg 800w\" sizes=\"auto, (max-width: 300px) 100vw, 300px\" \/><\/a>\u00a0&#8230;Gandalf, da warst Du schon mal, ich rieche es genau!<\/p>\n","protected":false},"excerpt":{"rendered":"<p>21.05.2015 Die Sonne scheint! Ab nach Drau\u00dfen! doch auch im Haus wird eifrig gespielt und erkundet! 20.01.2015 Die Regenpausen nutzen wir f\u00fcr kurze Ausfl\u00fcge nach Drau\u00dfen. Mittlerweile haben wir unsere Rampe aufgebaut, so dass die G\u00b4s bei ge\u00f6ffneter Terrassent\u00fcr selbst\u00e4ndig in den Garten gehen k\u00f6nnen. Zus\u00e4tzlich haben wir den &#8222;Spielplatz&#8220; im Innenbereich mit neuen Spielsachen &hellip; <a href=\"https:\/\/www.mourioche.de\/?page_id=7590\" class=\"more-link\"><span class=\"screen-reader-text\">Das Da G-Wurf, 5. Woche<\/span> weiterlesen <span class=\"meta-nav\">&rarr;<\/span><\/a><\/p>\n","protected":false},"author":2,"featured_media":0,"parent":7405,"menu_order":2125,"comment_status":"open","ping_status":"open","template":"","meta":{"footnotes":""},"class_list":["post-7590","page","type-page","status-publish","hentry"],"_links":{"self":[{"href":"https:\/\/www.mourioche.de\/index.php?rest_route=\/wp\/v2\/pages\/7590","targetHints":{"allow":["GET"]}}],"collection":[{"href":"https:\/\/www.mourioche.de\/index.php?rest_route=\/wp\/v2\/pages"}],"about":[{"href":"https:\/\/www.mourioche.de\/index.php?rest_route=\/wp\/v2\/types\/page"}],"author":[{"embeddable":true,"href":"https:\/\/www.mourioche.de\/index.php?rest_route=\/wp\/v2\/users\/2"}],"replies":[{"embeddable":true,"href":"https:\/\/www.mourioche.de\/index.php?rest_route=%2Fwp%2Fv2%2Fcomments&post=7590"}],"version-history":[{"count":5,"href":"https:\/\/www.mourioche.de\/index.php?rest_route=\/wp\/v2\/pages\/7590\/revisions"}],"predecessor-version":[{"id":7625,"href":"https:\/\/www.mourioche.de\/index.php?rest_route=\/wp\/v2\/pages\/7590\/revisions\/7625"}],"up":[{"embeddable":true,"href":"https:\/\/www.mourioche.de\/index.php?rest_route=\/wp\/v2\/pages\/7405"}],"wp:attachment":[{"href":"https:\/\/www.mourioche.de\/index.php?rest_route=%2Fwp%2Fv2%2Fmedia&parent=7590"}],"curies":[{"name":"wp","href":"https:\/\/api.w.org\/{rel}","templated":true}]}}