{"id":8364,"date":"2015-08-11T11:33:08","date_gmt":"2015-08-11T09:33:08","guid":{"rendered":"http:\/\/www.mourioche.de\/?page_id=8364"},"modified":"2015-08-16T18:19:38","modified_gmt":"2015-08-16T16:19:38","slug":"ealas-i-wurf-2-woche","status":"publish","type":"page","link":"https:\/\/www.mourioche.de\/?page_id=8364","title":{"rendered":"Ealas I-Wurf 2. Woche"},"content":{"rendered":"<p style=\"text-align: center;\"><strong>16.08.2015<\/strong><\/p>\n<p style=\"text-align: center;\">In rasanten Schritten geht die Entwicklung unseres Dream-Teams voran! Isildur hat bereits die 1000 Gramm Marke geknackt &#8211; kein Wunder, bei der tollen Rundum-Betreuung, die beide von Eala bekommen. Beide haben ihr Geburtsgewicht mehr als verdreifacht! Doch auch ihre motorischen F\u00e4higkeiten wachsen von Tag zu Tag: Sie bewegen sich schnell und zielstrebig durch die Wurfkiste, suchen Kontakt oder &#8211; wenn es ihnen zu warm wird &#8211; nehmen Abstand voneinander. Und auch wenn beide noch etwas verschlafen in die Welt blinzeln: Die Augen sind ge\u00f6ffnet!<\/p>\n<p style=\"text-align: center;\"><a href=\"https:\/\/www.mourioche.de\/wpmourio\/wp-content\/uploads\/2015\/08\/ilmare12.jpg\"><img loading=\"lazy\" decoding=\"async\" class=\"alignnone size-medium wp-image-8381\" src=\"https:\/\/www.mourioche.de\/wpmourio\/wp-content\/uploads\/2015\/08\/ilmare12-300x199.jpg\" alt=\"ilmare1\" width=\"300\" height=\"199\" srcset=\"https:\/\/www.mourioche.de\/wpmourio\/wp-content\/uploads\/2015\/08\/ilmare12-300x199.jpg 300w, https:\/\/www.mourioche.de\/wpmourio\/wp-content\/uploads\/2015\/08\/ilmare12-150x99.jpg 150w, https:\/\/www.mourioche.de\/wpmourio\/wp-content\/uploads\/2015\/08\/ilmare12-400x266.jpg 400w, https:\/\/www.mourioche.de\/wpmourio\/wp-content\/uploads\/2015\/08\/ilmare12.jpg 800w\" sizes=\"auto, (max-width: 300px) 100vw, 300px\" \/><\/a> <a href=\"https:\/\/www.mourioche.de\/wpmourio\/wp-content\/uploads\/2015\/08\/ilmare21.jpg\"><img loading=\"lazy\" decoding=\"async\" class=\"alignnone size-medium wp-image-8382\" src=\"https:\/\/www.mourioche.de\/wpmourio\/wp-content\/uploads\/2015\/08\/ilmare21-300x199.jpg\" alt=\"ilmare2\" width=\"300\" height=\"199\" srcset=\"https:\/\/www.mourioche.de\/wpmourio\/wp-content\/uploads\/2015\/08\/ilmare21-300x199.jpg 300w, https:\/\/www.mourioche.de\/wpmourio\/wp-content\/uploads\/2015\/08\/ilmare21-150x99.jpg 150w, https:\/\/www.mourioche.de\/wpmourio\/wp-content\/uploads\/2015\/08\/ilmare21-400x266.jpg 400w, https:\/\/www.mourioche.de\/wpmourio\/wp-content\/uploads\/2015\/08\/ilmare21.jpg 800w\" sizes=\"auto, (max-width: 300px) 100vw, 300px\" \/><\/a> <a href=\"https:\/\/www.mourioche.de\/wpmourio\/wp-content\/uploads\/2015\/08\/isildur12.jpg\"><img loading=\"lazy\" decoding=\"async\" class=\"alignnone size-medium wp-image-8383\" src=\"https:\/\/www.mourioche.de\/wpmourio\/wp-content\/uploads\/2015\/08\/isildur12-300x224.jpg\" alt=\"isildur1\" width=\"300\" height=\"224\" srcset=\"https:\/\/www.mourioche.de\/wpmourio\/wp-content\/uploads\/2015\/08\/isildur12-300x224.jpg 300w, https:\/\/www.mourioche.de\/wpmourio\/wp-content\/uploads\/2015\/08\/isildur12-150x112.jpg 150w, https:\/\/www.mourioche.de\/wpmourio\/wp-content\/uploads\/2015\/08\/isildur12-400x299.jpg 400w, https:\/\/www.mourioche.de\/wpmourio\/wp-content\/uploads\/2015\/08\/isildur12.jpg 800w\" sizes=\"auto, (max-width: 300px) 100vw, 300px\" \/><\/a> <a href=\"https:\/\/www.mourioche.de\/wpmourio\/wp-content\/uploads\/2015\/08\/isildur21.jpg\"><img loading=\"lazy\" decoding=\"async\" class=\"alignnone size-medium wp-image-8384\" src=\"https:\/\/www.mourioche.de\/wpmourio\/wp-content\/uploads\/2015\/08\/isildur21-300x199.jpg\" alt=\"isildur2\" width=\"300\" height=\"199\" srcset=\"https:\/\/www.mourioche.de\/wpmourio\/wp-content\/uploads\/2015\/08\/isildur21-300x199.jpg 300w, https:\/\/www.mourioche.de\/wpmourio\/wp-content\/uploads\/2015\/08\/isildur21-150x99.jpg 150w, https:\/\/www.mourioche.de\/wpmourio\/wp-content\/uploads\/2015\/08\/isildur21-400x266.jpg 400w, https:\/\/www.mourioche.de\/wpmourio\/wp-content\/uploads\/2015\/08\/isildur21.jpg 800w\" sizes=\"auto, (max-width: 300px) 100vw, 300px\" \/><\/a><\/p>\n<p style=\"text-align: center;\"><strong>11.08.2015<\/strong><\/p>\n<p style=\"text-align: center;\">Wie im Flug ist die erste Lebenswoche der I\u00b4s vorbei gegangen! Beide haben ihr Geburtsgewicht bereits mehr als verdoppelt &#8211; kein Wunder, dadurch, dass sie nur zu zweit sind, ist der Tisch stets reichlich gedeckt&#8230; Ihre erste Routineuntersuchung durch den Tierarzt haben beide verschlafen, Diagnose: Alles gesund und genau so, wie es sein sollte, pr\u00e4chtig entwickelte Welpen! Auch Eala wurde durchgecheckt, bei ihr ist ebenfalls alles so, wie es sein muss.<\/p>\n<p style=\"text-align: center;\">Eala k\u00fcmmert sich immer noch hervorragend um ihre Kleinen, es ist immer wieder erstaunlich, wie die M\u00fctter von Anfang an wissen, was sie zu tun haben. In den ersten Tagen hat sie die Wurfkiste niemals freiwillig verlassen, Futter und Wasser musste ich ihr direkt bei den Welpen geben, um sie zum L\u00f6sen nach drau\u00dfen bringen zu k\u00f6nnen, musste ich sie an die Leine nehmen &#8211; freiwillig w\u00e4re sie nicht mitgekommen. Nun werden die Welpen zusehends mobiler und seit gestern l\u00e4sst Eala sie auch f\u00fcr kurze Zeit alleine, um in den Garten zu gehen oder um zu fressen. Dann aber schnell zur\u00fcck und kontrollieren, ob noch alles in Ordnung ist!<\/p>\n<p style=\"text-align: center;\">Die ersten Besucher waren nat\u00fcrlich auch schon hier, unter den wachsamen Augen von Eala konnten sie die Kleinen ausgiebig bekuscheln.<\/p>\n<p style=\"text-align: center;\"><a href=\"https:\/\/www.mourioche.de\/wpmourio\/wp-content\/uploads\/2015\/08\/ilmare11.jpg\"><img loading=\"lazy\" decoding=\"async\" class=\"alignnone size-medium wp-image-8365\" src=\"https:\/\/www.mourioche.de\/wpmourio\/wp-content\/uploads\/2015\/08\/ilmare11-300x198.jpg\" alt=\"ilmare1\" width=\"300\" height=\"198\" srcset=\"https:\/\/www.mourioche.de\/wpmourio\/wp-content\/uploads\/2015\/08\/ilmare11-300x198.jpg 300w, https:\/\/www.mourioche.de\/wpmourio\/wp-content\/uploads\/2015\/08\/ilmare11-150x99.jpg 150w, https:\/\/www.mourioche.de\/wpmourio\/wp-content\/uploads\/2015\/08\/ilmare11-400x265.jpg 400w, https:\/\/www.mourioche.de\/wpmourio\/wp-content\/uploads\/2015\/08\/ilmare11.jpg 800w\" sizes=\"auto, (max-width: 300px) 100vw, 300px\" \/><\/a><\/p>\n<p style=\"text-align: center;\">Ilmar\u00e9 sucht sich ihren Weg<\/p>\n<p style=\"text-align: center;\"><a href=\"https:\/\/www.mourioche.de\/wpmourio\/wp-content\/uploads\/2015\/08\/ilmare2.jpg\"><img loading=\"lazy\" decoding=\"async\" class=\"alignnone size-medium wp-image-8366\" src=\"https:\/\/www.mourioche.de\/wpmourio\/wp-content\/uploads\/2015\/08\/ilmare2-300x199.jpg\" alt=\"ilmare2\" width=\"300\" height=\"199\" srcset=\"https:\/\/www.mourioche.de\/wpmourio\/wp-content\/uploads\/2015\/08\/ilmare2-300x199.jpg 300w, https:\/\/www.mourioche.de\/wpmourio\/wp-content\/uploads\/2015\/08\/ilmare2-150x99.jpg 150w, https:\/\/www.mourioche.de\/wpmourio\/wp-content\/uploads\/2015\/08\/ilmare2-400x266.jpg 400w, https:\/\/www.mourioche.de\/wpmourio\/wp-content\/uploads\/2015\/08\/ilmare2.jpg 800w\" sizes=\"auto, (max-width: 300px) 100vw, 300px\" \/><\/a><\/p>\n<p style=\"text-align: center;\">angekommen!<\/p>\n<p style=\"text-align: center;\"><a href=\"https:\/\/www.mourioche.de\/wpmourio\/wp-content\/uploads\/2015\/08\/ilmare3.jpg\"><img loading=\"lazy\" decoding=\"async\" class=\"alignnone size-medium wp-image-8367\" src=\"https:\/\/www.mourioche.de\/wpmourio\/wp-content\/uploads\/2015\/08\/ilmare3-300x181.jpg\" alt=\"ilmare3\" width=\"300\" height=\"181\" srcset=\"https:\/\/www.mourioche.de\/wpmourio\/wp-content\/uploads\/2015\/08\/ilmare3-300x181.jpg 300w, https:\/\/www.mourioche.de\/wpmourio\/wp-content\/uploads\/2015\/08\/ilmare3-150x90.jpg 150w, https:\/\/www.mourioche.de\/wpmourio\/wp-content\/uploads\/2015\/08\/ilmare3-400x241.jpg 400w, https:\/\/www.mourioche.de\/wpmourio\/wp-content\/uploads\/2015\/08\/ilmare3.jpg 800w\" sizes=\"auto, (max-width: 300px) 100vw, 300px\" \/><\/a><\/p>\n<p style=\"text-align: center;\">der erste Kontakt mit der zuk\u00fcnftigen Familie&#8230;<\/p>\n<p style=\"text-align: center;\"><a href=\"https:\/\/www.mourioche.de\/wpmourio\/wp-content\/uploads\/2015\/08\/ilmare4.jpg\"><img loading=\"lazy\" decoding=\"async\" class=\"alignnone size-medium wp-image-8368\" src=\"https:\/\/www.mourioche.de\/wpmourio\/wp-content\/uploads\/2015\/08\/ilmare4-300x178.jpg\" alt=\"ilmare4\" width=\"300\" height=\"178\" srcset=\"https:\/\/www.mourioche.de\/wpmourio\/wp-content\/uploads\/2015\/08\/ilmare4-300x178.jpg 300w, https:\/\/www.mourioche.de\/wpmourio\/wp-content\/uploads\/2015\/08\/ilmare4-150x89.jpg 150w, https:\/\/www.mourioche.de\/wpmourio\/wp-content\/uploads\/2015\/08\/ilmare4-400x237.jpg 400w, https:\/\/www.mourioche.de\/wpmourio\/wp-content\/uploads\/2015\/08\/ilmare4.jpg 800w\" sizes=\"auto, (max-width: 300px) 100vw, 300px\" \/><\/a><\/p>\n<p style=\"text-align: center;\">&#8230;schon geborgen und sicher &#8211; so wird es auch in Zukunft sein!<\/p>\n<p style=\"text-align: center;\"><a href=\"https:\/\/www.mourioche.de\/wpmourio\/wp-content\/uploads\/2015\/08\/ilmare5.jpg\"><img loading=\"lazy\" decoding=\"async\" class=\"alignnone size-medium wp-image-8369\" src=\"https:\/\/www.mourioche.de\/wpmourio\/wp-content\/uploads\/2015\/08\/ilmare5-300x199.jpg\" alt=\"ilmare5\" width=\"300\" height=\"199\" srcset=\"https:\/\/www.mourioche.de\/wpmourio\/wp-content\/uploads\/2015\/08\/ilmare5-300x199.jpg 300w, https:\/\/www.mourioche.de\/wpmourio\/wp-content\/uploads\/2015\/08\/ilmare5-150x99.jpg 150w, https:\/\/www.mourioche.de\/wpmourio\/wp-content\/uploads\/2015\/08\/ilmare5-400x266.jpg 400w, https:\/\/www.mourioche.de\/wpmourio\/wp-content\/uploads\/2015\/08\/ilmare5.jpg 800w\" sizes=\"auto, (max-width: 300px) 100vw, 300px\" \/><\/a><\/p>\n<p style=\"text-align: center;\">v\u00f6llig entspannt<\/p>\n<p style=\"text-align: center;\"><a href=\"https:\/\/www.mourioche.de\/wpmourio\/wp-content\/uploads\/2015\/08\/isildur11.jpg\"><img loading=\"lazy\" decoding=\"async\" class=\"alignnone size-medium wp-image-8370\" src=\"https:\/\/www.mourioche.de\/wpmourio\/wp-content\/uploads\/2015\/08\/isildur11-268x300.jpg\" alt=\"isildur1\" width=\"268\" height=\"300\" srcset=\"https:\/\/www.mourioche.de\/wpmourio\/wp-content\/uploads\/2015\/08\/isildur11-268x300.jpg 268w, https:\/\/www.mourioche.de\/wpmourio\/wp-content\/uploads\/2015\/08\/isildur11-134x150.jpg 134w, https:\/\/www.mourioche.de\/wpmourio\/wp-content\/uploads\/2015\/08\/isildur11-400x447.jpg 400w, https:\/\/www.mourioche.de\/wpmourio\/wp-content\/uploads\/2015\/08\/isildur11.jpg 800w\" sizes=\"auto, (max-width: 268px) 100vw, 268px\" \/><\/a><\/p>\n<p style=\"text-align: center;\">auch Isildur genie\u00dft die Streicheleinheiten<\/p>\n<p style=\"text-align: center;\"><a href=\"https:\/\/www.mourioche.de\/wpmourio\/wp-content\/uploads\/2015\/08\/isildur2.jpg\"><img loading=\"lazy\" decoding=\"async\" class=\"alignnone size-medium wp-image-8371\" src=\"https:\/\/www.mourioche.de\/wpmourio\/wp-content\/uploads\/2015\/08\/isildur2-300x210.jpg\" alt=\"isildur2\" width=\"300\" height=\"210\" srcset=\"https:\/\/www.mourioche.de\/wpmourio\/wp-content\/uploads\/2015\/08\/isildur2-300x210.jpg 300w, https:\/\/www.mourioche.de\/wpmourio\/wp-content\/uploads\/2015\/08\/isildur2-150x105.jpg 150w, https:\/\/www.mourioche.de\/wpmourio\/wp-content\/uploads\/2015\/08\/isildur2-400x280.jpg 400w, https:\/\/www.mourioche.de\/wpmourio\/wp-content\/uploads\/2015\/08\/isildur2.jpg 800w\" sizes=\"auto, (max-width: 300px) 100vw, 300px\" \/><\/a><\/p>\n<p style=\"text-align: center;\">gut aufpassen!<\/p>\n<p style=\"text-align: center;\"><a href=\"https:\/\/www.mourioche.de\/wpmourio\/wp-content\/uploads\/2015\/08\/isildur3.jpg\"><img loading=\"lazy\" decoding=\"async\" class=\"alignnone size-medium wp-image-8372\" src=\"https:\/\/www.mourioche.de\/wpmourio\/wp-content\/uploads\/2015\/08\/isildur3-300x199.jpg\" alt=\"isildur3\" width=\"300\" height=\"199\" srcset=\"https:\/\/www.mourioche.de\/wpmourio\/wp-content\/uploads\/2015\/08\/isildur3-300x199.jpg 300w, https:\/\/www.mourioche.de\/wpmourio\/wp-content\/uploads\/2015\/08\/isildur3-150x99.jpg 150w, https:\/\/www.mourioche.de\/wpmourio\/wp-content\/uploads\/2015\/08\/isildur3-400x266.jpg 400w, https:\/\/www.mourioche.de\/wpmourio\/wp-content\/uploads\/2015\/08\/isildur3.jpg 800w\" sizes=\"auto, (max-width: 300px) 100vw, 300px\" \/><\/a><\/p>\n<p style=\"text-align: center;\">im Tr\u00e4umchenkuckucksland<\/p>\n<p style=\"text-align: center;\"><a href=\"https:\/\/www.mourioche.de\/wpmourio\/wp-content\/uploads\/2015\/08\/kinderstube1.jpg\"><img loading=\"lazy\" decoding=\"async\" class=\"alignnone size-medium wp-image-8373\" src=\"https:\/\/www.mourioche.de\/wpmourio\/wp-content\/uploads\/2015\/08\/kinderstube1-300x199.jpg\" alt=\"kinderstube1\" width=\"300\" height=\"199\" srcset=\"https:\/\/www.mourioche.de\/wpmourio\/wp-content\/uploads\/2015\/08\/kinderstube1-300x199.jpg 300w, https:\/\/www.mourioche.de\/wpmourio\/wp-content\/uploads\/2015\/08\/kinderstube1-150x99.jpg 150w, https:\/\/www.mourioche.de\/wpmourio\/wp-content\/uploads\/2015\/08\/kinderstube1-400x266.jpg 400w, https:\/\/www.mourioche.de\/wpmourio\/wp-content\/uploads\/2015\/08\/kinderstube1.jpg 800w\" sizes=\"auto, (max-width: 300px) 100vw, 300px\" \/><\/a><\/p>\n<p style=\"text-align: center;\">Kinderstube: Laurin mit einem Freund und dessem Bruder &#8211; alle bestaunen die kleinen Welpen<\/p>\n<p style=\"text-align: center;\"><a href=\"https:\/\/www.mourioche.de\/wpmourio\/wp-content\/uploads\/2015\/08\/eala11.jpg\"><img loading=\"lazy\" decoding=\"async\" class=\"alignnone size-medium wp-image-8375\" src=\"https:\/\/www.mourioche.de\/wpmourio\/wp-content\/uploads\/2015\/08\/eala11-300x199.jpg\" alt=\"eala1\" width=\"300\" height=\"199\" srcset=\"https:\/\/www.mourioche.de\/wpmourio\/wp-content\/uploads\/2015\/08\/eala11-300x199.jpg 300w, https:\/\/www.mourioche.de\/wpmourio\/wp-content\/uploads\/2015\/08\/eala11-150x99.jpg 150w, https:\/\/www.mourioche.de\/wpmourio\/wp-content\/uploads\/2015\/08\/eala11-400x266.jpg 400w, https:\/\/www.mourioche.de\/wpmourio\/wp-content\/uploads\/2015\/08\/eala11.jpg 800w\" sizes=\"auto, (max-width: 300px) 100vw, 300px\" \/><\/a><\/p>\n<p style=\"text-align: center;\">Eala passt auf, dass auch alles seine Richtigkeit hat<\/p>\n<p style=\"text-align: center;\"><a href=\"https:\/\/www.mourioche.de\/wpmourio\/wp-content\/uploads\/2015\/08\/zwei11.jpg\"><img loading=\"lazy\" decoding=\"async\" class=\"alignnone size-medium wp-image-8374\" src=\"https:\/\/www.mourioche.de\/wpmourio\/wp-content\/uploads\/2015\/08\/zwei11-300x199.jpg\" alt=\"zwei1\" width=\"300\" height=\"199\" srcset=\"https:\/\/www.mourioche.de\/wpmourio\/wp-content\/uploads\/2015\/08\/zwei11-300x199.jpg 300w, https:\/\/www.mourioche.de\/wpmourio\/wp-content\/uploads\/2015\/08\/zwei11-150x99.jpg 150w, https:\/\/www.mourioche.de\/wpmourio\/wp-content\/uploads\/2015\/08\/zwei11-400x266.jpg 400w, https:\/\/www.mourioche.de\/wpmourio\/wp-content\/uploads\/2015\/08\/zwei11.jpg 800w\" sizes=\"auto, (max-width: 300px) 100vw, 300px\" \/><\/a><\/p>\n<p style=\"text-align: center;\">Tsch\u00fc\u00df, bis zum n\u00e4chsten mal!<\/p>\n","protected":false},"excerpt":{"rendered":"<p>16.08.2015 In rasanten Schritten geht die Entwicklung unseres Dream-Teams voran! Isildur hat bereits die 1000 Gramm Marke geknackt &#8211; kein Wunder, bei der tollen Rundum-Betreuung, die beide von Eala bekommen. Beide haben ihr Geburtsgewicht mehr als verdreifacht! Doch auch ihre motorischen F\u00e4higkeiten wachsen von Tag zu Tag: Sie bewegen sich schnell und zielstrebig durch die &hellip; <a href=\"https:\/\/www.mourioche.de\/?page_id=8364\" class=\"more-link\"><span class=\"screen-reader-text\">Ealas I-Wurf 2. Woche<\/span> weiterlesen <span class=\"meta-nav\">&rarr;<\/span><\/a><\/p>\n","protected":false},"author":2,"featured_media":0,"parent":8334,"menu_order":2312,"comment_status":"open","ping_status":"open","template":"","meta":{"footnotes":""},"class_list":["post-8364","page","type-page","status-publish","hentry"],"_links":{"self":[{"href":"https:\/\/www.mourioche.de\/index.php?rest_route=\/wp\/v2\/pages\/8364","targetHints":{"allow":["GET"]}}],"collection":[{"href":"https:\/\/www.mourioche.de\/index.php?rest_route=\/wp\/v2\/pages"}],"about":[{"href":"https:\/\/www.mourioche.de\/index.php?rest_route=\/wp\/v2\/types\/page"}],"author":[{"embeddable":true,"href":"https:\/\/www.mourioche.de\/index.php?rest_route=\/wp\/v2\/users\/2"}],"replies":[{"embeddable":true,"href":"https:\/\/www.mourioche.de\/index.php?rest_route=%2Fwp%2Fv2%2Fcomments&post=8364"}],"version-history":[{"count":4,"href":"https:\/\/www.mourioche.de\/index.php?rest_route=\/wp\/v2\/pages\/8364\/revisions"}],"predecessor-version":[{"id":8385,"href":"https:\/\/www.mourioche.de\/index.php?rest_route=\/wp\/v2\/pages\/8364\/revisions\/8385"}],"up":[{"embeddable":true,"href":"https:\/\/www.mourioche.de\/index.php?rest_route=\/wp\/v2\/pages\/8334"}],"wp:attachment":[{"href":"https:\/\/www.mourioche.de\/index.php?rest_route=%2Fwp%2Fv2%2Fmedia&parent=8364"}],"curies":[{"name":"wp","href":"https:\/\/api.w.org\/{rel}","templated":true}]}}