{"id":9100,"date":"2016-08-28T14:21:42","date_gmt":"2016-08-28T12:21:42","guid":{"rendered":"http:\/\/www.mourioche.de\/?page_id=9100"},"modified":"2016-09-02T12:20:14","modified_gmt":"2016-09-02T10:20:14","slug":"mimi-imolar","status":"publish","type":"page","link":"https:\/\/www.mourioche.de\/?page_id=9100","title":{"rendered":"Mimi (K\u00f6ves Berci B\u00e9tyar Imola)"},"content":{"rendered":"<p>Schon seit vielen Jahre verfolge ich interessiert die Entwicklung der Mudis in Deutschland. Lange \u00fcberlegte ich, einen Mudi in unsere Familie aufzunehmen, doch irgendwie kam immer ein Berger des Pyr\u00e9n\u00e9es dazwischen \ud83d\ude09 Bis sich schlie\u00dflich eine Freundin ihren mittlerweile dritten Mudi holte, eine bezaubernde kleine H\u00fcndin aus Ungarn. Ihre Berichte \u00fcber die Z\u00fcchterin waren so begeistert, dass ich beschloss, jetzt endlich N\u00e4gel mit K\u00f6pfen zu machen, ich nahm mit der Z\u00fcchterin Kontakt auf und lie\u00df mich auf die Warteliste f\u00fcr einen Welpen setzen. Etwas schneller als geplant erhielt ich die Nachricht, dass in einem Wurf eine H\u00fcndin wieder zu vergeben sei, da der urspr\u00fcngliche Interessent doch nicht in Frage k\u00e4me. Der Flug nach Budapest war schnell gebucht und ich schaute mir die Kleinen im Alter von 5 Wochen an. Was soll ich sagen &#8211; ich war begeistert! Sowohl die Z\u00fcchterin selbst als auch ihre Hunde machten einen erstklassigen Eindruck, der Wurf war aufgeweckt, lebhaft und verspielt, es war klar &#8211; die kleine H\u00fcndin soll es sein! So flog ich also drei Wochen sp\u00e4ter erneut nach Budapest und holte unsere Mimi ab. Die Reise mit Auto, Flugzeug (selbstverst\u00e4ndlich bei mir im Passagierraum) und Zug \u00fcberstand sie ohne Probleme. Seitdem bereichert sie unsere Familie, sie begleitet uns auf Schritt und Tritt und weicht besonders unserer j\u00fcngsten Tochter kaum von der Seite. Sie ist freundlich zu jedermann, lernt blitzschnell und ist f\u00fcr jeden Bl\u00f6dsinn zu haben. Sie bellt niemals ohne Grund, ungewohnte Ger\u00e4usche oder beim Spaziergang pl\u00f6tzlich erscheinende Menschen\/Hunde werden jedoch gemeldet &#8211; und genau das ist auch ihre Aufgabe. Mimi ist aus unserer Familie nicht mehr weg zu denken und sie wird sicher nicht unser letzter Mudi sein!<\/p>\n<p style=\"text-align: center;\"><a href=\"https:\/\/www.mourioche.de\/wpmourio\/wp-content\/uploads\/2015\/06\/mimi1.jpg\"><img loading=\"lazy\" decoding=\"async\" class=\"alignnone size-medium wp-image-8281\" src=\"https:\/\/www.mourioche.de\/wpmourio\/wp-content\/uploads\/2015\/06\/mimi1-300x199.jpg\" alt=\"mimi1\" width=\"300\" height=\"199\" srcset=\"https:\/\/www.mourioche.de\/wpmourio\/wp-content\/uploads\/2015\/06\/mimi1-300x199.jpg 300w, https:\/\/www.mourioche.de\/wpmourio\/wp-content\/uploads\/2015\/06\/mimi1-150x99.jpg 150w, https:\/\/www.mourioche.de\/wpmourio\/wp-content\/uploads\/2015\/06\/mimi1-400x266.jpg 400w, https:\/\/www.mourioche.de\/wpmourio\/wp-content\/uploads\/2015\/06\/mimi1.jpg 800w\" sizes=\"auto, (max-width: 300px) 100vw, 300px\" \/><\/a><\/p>\n","protected":false},"excerpt":{"rendered":"<p>Schon seit vielen Jahre verfolge ich interessiert die Entwicklung der Mudis in Deutschland. Lange \u00fcberlegte ich, einen Mudi in unsere Familie aufzunehmen, doch irgendwie kam immer ein Berger des Pyr\u00e9n\u00e9es dazwischen \ud83d\ude09 Bis sich schlie\u00dflich eine Freundin ihren mittlerweile dritten Mudi holte, eine bezaubernde kleine H\u00fcndin aus Ungarn. Ihre Berichte \u00fcber die Z\u00fcchterin waren so &hellip; <a href=\"https:\/\/www.mourioche.de\/?page_id=9100\" class=\"more-link\"><span class=\"screen-reader-text\">Mimi (K\u00f6ves Berci B\u00e9tyar Imola)<\/span> weiterlesen <span class=\"meta-nav\">&rarr;<\/span><\/a><\/p>\n","protected":false},"author":2,"featured_media":0,"parent":0,"menu_order":3100,"comment_status":"open","ping_status":"open","template":"","meta":{"footnotes":""},"class_list":["post-9100","page","type-page","status-publish","hentry"],"_links":{"self":[{"href":"https:\/\/www.mourioche.de\/index.php?rest_route=\/wp\/v2\/pages\/9100","targetHints":{"allow":["GET"]}}],"collection":[{"href":"https:\/\/www.mourioche.de\/index.php?rest_route=\/wp\/v2\/pages"}],"about":[{"href":"https:\/\/www.mourioche.de\/index.php?rest_route=\/wp\/v2\/types\/page"}],"author":[{"embeddable":true,"href":"https:\/\/www.mourioche.de\/index.php?rest_route=\/wp\/v2\/users\/2"}],"replies":[{"embeddable":true,"href":"https:\/\/www.mourioche.de\/index.php?rest_route=%2Fwp%2Fv2%2Fcomments&post=9100"}],"version-history":[{"count":5,"href":"https:\/\/www.mourioche.de\/index.php?rest_route=\/wp\/v2\/pages\/9100\/revisions"}],"predecessor-version":[{"id":9111,"href":"https:\/\/www.mourioche.de\/index.php?rest_route=\/wp\/v2\/pages\/9100\/revisions\/9111"}],"wp:attachment":[{"href":"https:\/\/www.mourioche.de\/index.php?rest_route=%2Fwp%2Fv2%2Fmedia&parent=9100"}],"curies":[{"name":"wp","href":"https:\/\/api.w.org\/{rel}","templated":true}]}}