{"id":9114,"date":"2016-09-02T12:35:36","date_gmt":"2016-09-02T10:35:36","guid":{"rendered":"http:\/\/www.mourioche.de\/?page_id=9114"},"modified":"2016-09-04T21:26:44","modified_gmt":"2016-09-04T19:26:44","slug":"mimi-a-wurf-1-woche","status":"publish","type":"page","link":"https:\/\/www.mourioche.de\/?page_id=9114","title":{"rendered":"Mimi A-Wurf 1. Woche"},"content":{"rendered":"<p style=\"text-align: center;\"><strong>04.09.2016<\/strong><\/p>\n<p style=\"text-align: center;\">Unser Quintett w\u00e4chst und gedeiht, alle nehmen t\u00fcchtig zu. Mimi k\u00fcmmert sich fantastisch um ihre Kleinen und l\u00e4sst sie kaum eine Minute aus den Augen. Die ersten Besucher waren auch schon da, stolz pr\u00e4sentiert Mimi ihren Nachwuchs &#8211; und passt dabei ganz genau auf, dass wir auch alles richtig machen.<\/p>\n<p style=\"text-align: center;\">F\u00fcr die beiden Jungs suchen wir noch ein geeignetes Zuhause!<\/p>\n<p style=\"text-align: center;\"><a href=\"https:\/\/www.mourioche.de\/wpmourio\/wp-content\/uploads\/2016\/09\/aegon1.jpg\"><img loading=\"lazy\" decoding=\"async\" class=\"alignnone size-medium wp-image-9132\" src=\"https:\/\/www.mourioche.de\/wpmourio\/wp-content\/uploads\/2016\/09\/aegon1-300x199.jpg\" alt=\"aegon1\" width=\"300\" height=\"199\" srcset=\"https:\/\/www.mourioche.de\/wpmourio\/wp-content\/uploads\/2016\/09\/aegon1-300x199.jpg 300w, https:\/\/www.mourioche.de\/wpmourio\/wp-content\/uploads\/2016\/09\/aegon1-150x99.jpg 150w, https:\/\/www.mourioche.de\/wpmourio\/wp-content\/uploads\/2016\/09\/aegon1-400x266.jpg 400w, https:\/\/www.mourioche.de\/wpmourio\/wp-content\/uploads\/2016\/09\/aegon1.jpg 800w\" sizes=\"auto, (max-width: 300px) 100vw, 300px\" \/><\/a><\/p>\n<p style=\"text-align: center;\"><a href=\"https:\/\/www.mourioche.de\/wpmourio\/wp-content\/uploads\/2016\/09\/aggo1.jpg\"><img loading=\"lazy\" decoding=\"async\" class=\"alignnone size-medium wp-image-9133\" src=\"https:\/\/www.mourioche.de\/wpmourio\/wp-content\/uploads\/2016\/09\/aggo1-300x199.jpg\" alt=\"aggo1\" width=\"300\" height=\"199\" srcset=\"https:\/\/www.mourioche.de\/wpmourio\/wp-content\/uploads\/2016\/09\/aggo1-300x199.jpg 300w, https:\/\/www.mourioche.de\/wpmourio\/wp-content\/uploads\/2016\/09\/aggo1-150x99.jpg 150w, https:\/\/www.mourioche.de\/wpmourio\/wp-content\/uploads\/2016\/09\/aggo1-400x266.jpg 400w, https:\/\/www.mourioche.de\/wpmourio\/wp-content\/uploads\/2016\/09\/aggo1.jpg 800w\" sizes=\"auto, (max-width: 300px) 100vw, 300px\" \/><\/a><\/p>\n<p style=\"text-align: center;\"><a href=\"https:\/\/www.mourioche.de\/wpmourio\/wp-content\/uploads\/2016\/09\/alayaya1.jpg\"><img loading=\"lazy\" decoding=\"async\" class=\"alignnone size-medium wp-image-9134\" src=\"https:\/\/www.mourioche.de\/wpmourio\/wp-content\/uploads\/2016\/09\/alayaya1-300x199.jpg\" alt=\"alayaya1\" width=\"300\" height=\"199\" srcset=\"https:\/\/www.mourioche.de\/wpmourio\/wp-content\/uploads\/2016\/09\/alayaya1-300x199.jpg 300w, https:\/\/www.mourioche.de\/wpmourio\/wp-content\/uploads\/2016\/09\/alayaya1-150x99.jpg 150w, https:\/\/www.mourioche.de\/wpmourio\/wp-content\/uploads\/2016\/09\/alayaya1-400x266.jpg 400w, https:\/\/www.mourioche.de\/wpmourio\/wp-content\/uploads\/2016\/09\/alayaya1.jpg 800w\" sizes=\"auto, (max-width: 300px) 100vw, 300px\" \/><\/a><\/p>\n<p style=\"text-align: center;\"><a href=\"https:\/\/www.mourioche.de\/wpmourio\/wp-content\/uploads\/2016\/09\/arya1.jpg\"><img loading=\"lazy\" decoding=\"async\" class=\"alignnone size-medium wp-image-9135\" src=\"https:\/\/www.mourioche.de\/wpmourio\/wp-content\/uploads\/2016\/09\/arya1-300x199.jpg\" alt=\"arya1\" width=\"300\" height=\"199\" srcset=\"https:\/\/www.mourioche.de\/wpmourio\/wp-content\/uploads\/2016\/09\/arya1-300x199.jpg 300w, https:\/\/www.mourioche.de\/wpmourio\/wp-content\/uploads\/2016\/09\/arya1-150x99.jpg 150w, https:\/\/www.mourioche.de\/wpmourio\/wp-content\/uploads\/2016\/09\/arya1-400x266.jpg 400w, https:\/\/www.mourioche.de\/wpmourio\/wp-content\/uploads\/2016\/09\/arya1.jpg 800w\" sizes=\"auto, (max-width: 300px) 100vw, 300px\" \/><\/a><\/p>\n<p style=\"text-align: center;\"><a href=\"https:\/\/www.mourioche.de\/wpmourio\/wp-content\/uploads\/2016\/09\/asha1.jpg\"><img loading=\"lazy\" decoding=\"async\" class=\"alignnone size-medium wp-image-9136\" src=\"https:\/\/www.mourioche.de\/wpmourio\/wp-content\/uploads\/2016\/09\/asha1-300x199.jpg\" alt=\"asha1\" width=\"300\" height=\"199\" srcset=\"https:\/\/www.mourioche.de\/wpmourio\/wp-content\/uploads\/2016\/09\/asha1-300x199.jpg 300w, https:\/\/www.mourioche.de\/wpmourio\/wp-content\/uploads\/2016\/09\/asha1-150x99.jpg 150w, https:\/\/www.mourioche.de\/wpmourio\/wp-content\/uploads\/2016\/09\/asha1-400x266.jpg 400w, https:\/\/www.mourioche.de\/wpmourio\/wp-content\/uploads\/2016\/09\/asha1.jpg 800w\" sizes=\"auto, (max-width: 300px) 100vw, 300px\" \/><\/a><\/p>\n<p style=\"text-align: center;\"><a href=\"https:\/\/www.mourioche.de\/wpmourio\/wp-content\/uploads\/2016\/09\/mimi1.jpg\"><img loading=\"lazy\" decoding=\"async\" class=\"alignnone size-medium wp-image-9137\" src=\"https:\/\/www.mourioche.de\/wpmourio\/wp-content\/uploads\/2016\/09\/mimi1-300x199.jpg\" alt=\"mimi1\" width=\"300\" height=\"199\" srcset=\"https:\/\/www.mourioche.de\/wpmourio\/wp-content\/uploads\/2016\/09\/mimi1-300x199.jpg 300w, https:\/\/www.mourioche.de\/wpmourio\/wp-content\/uploads\/2016\/09\/mimi1-150x99.jpg 150w, https:\/\/www.mourioche.de\/wpmourio\/wp-content\/uploads\/2016\/09\/mimi1-400x266.jpg 400w, https:\/\/www.mourioche.de\/wpmourio\/wp-content\/uploads\/2016\/09\/mimi1.jpg 800w\" sizes=\"auto, (max-width: 300px) 100vw, 300px\" \/><\/a><\/p>\n<p style=\"text-align: center;\"><a href=\"https:\/\/www.mourioche.de\/wpmourio\/wp-content\/uploads\/2016\/09\/recken1.jpg\"><img loading=\"lazy\" decoding=\"async\" class=\"alignnone size-medium wp-image-9138\" src=\"https:\/\/www.mourioche.de\/wpmourio\/wp-content\/uploads\/2016\/09\/recken1-300x199.jpg\" alt=\"recken1\" width=\"300\" height=\"199\" srcset=\"https:\/\/www.mourioche.de\/wpmourio\/wp-content\/uploads\/2016\/09\/recken1-300x199.jpg 300w, https:\/\/www.mourioche.de\/wpmourio\/wp-content\/uploads\/2016\/09\/recken1-150x99.jpg 150w, https:\/\/www.mourioche.de\/wpmourio\/wp-content\/uploads\/2016\/09\/recken1-400x266.jpg 400w, https:\/\/www.mourioche.de\/wpmourio\/wp-content\/uploads\/2016\/09\/recken1.jpg 800w\" sizes=\"auto, (max-width: 300px) 100vw, 300px\" \/><\/a><\/p>\n<p style=\"text-align: center;\">\n<p style=\"text-align: center;\">Vielen Dank an Susanne f\u00fcr die wunderbaren Fotos von Samstag!<\/p>\n<p style=\"text-align: center;\">Und so sehen die Kleinen heute (Sonntag) aus:<\/p>\n<p style=\"text-align: center;\"><a href=\"https:\/\/www.mourioche.de\/wpmourio\/wp-content\/uploads\/2016\/09\/Aegon11.jpg\"><img loading=\"lazy\" decoding=\"async\" class=\"alignnone size-medium wp-image-9139\" src=\"https:\/\/www.mourioche.de\/wpmourio\/wp-content\/uploads\/2016\/09\/Aegon11-300x219.jpg\" alt=\"Aegon1\" width=\"300\" height=\"219\" srcset=\"https:\/\/www.mourioche.de\/wpmourio\/wp-content\/uploads\/2016\/09\/Aegon11-300x219.jpg 300w, https:\/\/www.mourioche.de\/wpmourio\/wp-content\/uploads\/2016\/09\/Aegon11-150x109.jpg 150w, https:\/\/www.mourioche.de\/wpmourio\/wp-content\/uploads\/2016\/09\/Aegon11-400x293.jpg 400w, https:\/\/www.mourioche.de\/wpmourio\/wp-content\/uploads\/2016\/09\/Aegon11.jpg 800w\" sizes=\"auto, (max-width: 300px) 100vw, 300px\" \/><\/a><\/p>\n<p style=\"text-align: center;\"><a href=\"https:\/\/www.mourioche.de\/wpmourio\/wp-content\/uploads\/2016\/09\/aggo11.jpg\"><img loading=\"lazy\" decoding=\"async\" class=\"alignnone size-medium wp-image-9140\" src=\"https:\/\/www.mourioche.de\/wpmourio\/wp-content\/uploads\/2016\/09\/aggo11-300x249.jpg\" alt=\"aggo1\" width=\"300\" height=\"249\" srcset=\"https:\/\/www.mourioche.de\/wpmourio\/wp-content\/uploads\/2016\/09\/aggo11-300x249.jpg 300w, https:\/\/www.mourioche.de\/wpmourio\/wp-content\/uploads\/2016\/09\/aggo11-150x124.jpg 150w, https:\/\/www.mourioche.de\/wpmourio\/wp-content\/uploads\/2016\/09\/aggo11-400x333.jpg 400w, https:\/\/www.mourioche.de\/wpmourio\/wp-content\/uploads\/2016\/09\/aggo11.jpg 800w\" sizes=\"auto, (max-width: 300px) 100vw, 300px\" \/><\/a><\/p>\n<p style=\"text-align: center;\"><a href=\"https:\/\/www.mourioche.de\/wpmourio\/wp-content\/uploads\/2016\/09\/Alayaya11.jpg\"><img loading=\"lazy\" decoding=\"async\" class=\"alignnone size-medium wp-image-9141\" src=\"https:\/\/www.mourioche.de\/wpmourio\/wp-content\/uploads\/2016\/09\/Alayaya11-300x240.jpg\" alt=\"Alayaya1\" width=\"300\" height=\"240\" srcset=\"https:\/\/www.mourioche.de\/wpmourio\/wp-content\/uploads\/2016\/09\/Alayaya11-300x240.jpg 300w, https:\/\/www.mourioche.de\/wpmourio\/wp-content\/uploads\/2016\/09\/Alayaya11-150x120.jpg 150w, https:\/\/www.mourioche.de\/wpmourio\/wp-content\/uploads\/2016\/09\/Alayaya11-400x320.jpg 400w, https:\/\/www.mourioche.de\/wpmourio\/wp-content\/uploads\/2016\/09\/Alayaya11.jpg 800w\" sizes=\"auto, (max-width: 300px) 100vw, 300px\" \/><\/a><\/p>\n<p style=\"text-align: center;\"><a href=\"https:\/\/www.mourioche.de\/wpmourio\/wp-content\/uploads\/2016\/09\/alle1.jpg\"><img loading=\"lazy\" decoding=\"async\" class=\"alignnone size-medium wp-image-9142\" src=\"https:\/\/www.mourioche.de\/wpmourio\/wp-content\/uploads\/2016\/09\/alle1-200x300.jpg\" alt=\"alle1\" width=\"200\" height=\"300\" srcset=\"https:\/\/www.mourioche.de\/wpmourio\/wp-content\/uploads\/2016\/09\/alle1-200x300.jpg 200w, https:\/\/www.mourioche.de\/wpmourio\/wp-content\/uploads\/2016\/09\/alle1-682x1024.jpg 682w, https:\/\/www.mourioche.de\/wpmourio\/wp-content\/uploads\/2016\/09\/alle1-100x150.jpg 100w, https:\/\/www.mourioche.de\/wpmourio\/wp-content\/uploads\/2016\/09\/alle1-400x600.jpg 400w, https:\/\/www.mourioche.de\/wpmourio\/wp-content\/uploads\/2016\/09\/alle1.jpg 800w\" sizes=\"auto, (max-width: 200px) 100vw, 200px\" \/><\/a><\/p>\n<p style=\"text-align: center;\"><a href=\"https:\/\/www.mourioche.de\/wpmourio\/wp-content\/uploads\/2016\/09\/arya11.jpg\"><img loading=\"lazy\" decoding=\"async\" class=\"alignnone size-medium wp-image-9143\" src=\"https:\/\/www.mourioche.de\/wpmourio\/wp-content\/uploads\/2016\/09\/arya11-300x199.jpg\" alt=\"arya1\" width=\"300\" height=\"199\" srcset=\"https:\/\/www.mourioche.de\/wpmourio\/wp-content\/uploads\/2016\/09\/arya11-300x199.jpg 300w, https:\/\/www.mourioche.de\/wpmourio\/wp-content\/uploads\/2016\/09\/arya11-150x99.jpg 150w, https:\/\/www.mourioche.de\/wpmourio\/wp-content\/uploads\/2016\/09\/arya11-400x266.jpg 400w, https:\/\/www.mourioche.de\/wpmourio\/wp-content\/uploads\/2016\/09\/arya11.jpg 800w\" sizes=\"auto, (max-width: 300px) 100vw, 300px\" \/><\/a><\/p>\n<p style=\"text-align: center;\"><a href=\"https:\/\/www.mourioche.de\/wpmourio\/wp-content\/uploads\/2016\/09\/arya2.jpg\"><img loading=\"lazy\" decoding=\"async\" class=\"alignnone size-medium wp-image-9144\" src=\"https:\/\/www.mourioche.de\/wpmourio\/wp-content\/uploads\/2016\/09\/arya2-300x228.jpg\" alt=\"arya2\" width=\"300\" height=\"228\" srcset=\"https:\/\/www.mourioche.de\/wpmourio\/wp-content\/uploads\/2016\/09\/arya2-300x228.jpg 300w, https:\/\/www.mourioche.de\/wpmourio\/wp-content\/uploads\/2016\/09\/arya2-150x114.jpg 150w, https:\/\/www.mourioche.de\/wpmourio\/wp-content\/uploads\/2016\/09\/arya2-400x305.jpg 400w, https:\/\/www.mourioche.de\/wpmourio\/wp-content\/uploads\/2016\/09\/arya2.jpg 800w\" sizes=\"auto, (max-width: 300px) 100vw, 300px\" \/><\/a><\/p>\n<p style=\"text-align: center;\"><a href=\"https:\/\/www.mourioche.de\/wpmourio\/wp-content\/uploads\/2016\/09\/asha11.jpg\"><img loading=\"lazy\" decoding=\"async\" class=\"alignnone size-medium wp-image-9145\" src=\"https:\/\/www.mourioche.de\/wpmourio\/wp-content\/uploads\/2016\/09\/asha11-300x199.jpg\" alt=\"asha1\" width=\"300\" height=\"199\" srcset=\"https:\/\/www.mourioche.de\/wpmourio\/wp-content\/uploads\/2016\/09\/asha11-300x199.jpg 300w, https:\/\/www.mourioche.de\/wpmourio\/wp-content\/uploads\/2016\/09\/asha11-150x99.jpg 150w, https:\/\/www.mourioche.de\/wpmourio\/wp-content\/uploads\/2016\/09\/asha11-400x266.jpg 400w, https:\/\/www.mourioche.de\/wpmourio\/wp-content\/uploads\/2016\/09\/asha11.jpg 800w\" sizes=\"auto, (max-width: 300px) 100vw, 300px\" \/><\/a><\/p>\n<p style=\"text-align: center;\"><a href=\"https:\/\/www.mourioche.de\/wpmourio\/wp-content\/uploads\/2016\/09\/asha2.jpg\"><img loading=\"lazy\" decoding=\"async\" class=\"alignnone size-medium wp-image-9146\" src=\"https:\/\/www.mourioche.de\/wpmourio\/wp-content\/uploads\/2016\/09\/asha2-300x199.jpg\" alt=\"asha2\" width=\"300\" height=\"199\" srcset=\"https:\/\/www.mourioche.de\/wpmourio\/wp-content\/uploads\/2016\/09\/asha2-300x199.jpg 300w, https:\/\/www.mourioche.de\/wpmourio\/wp-content\/uploads\/2016\/09\/asha2-150x99.jpg 150w, https:\/\/www.mourioche.de\/wpmourio\/wp-content\/uploads\/2016\/09\/asha2-400x266.jpg 400w, https:\/\/www.mourioche.de\/wpmourio\/wp-content\/uploads\/2016\/09\/asha2.jpg 800w\" sizes=\"auto, (max-width: 300px) 100vw, 300px\" \/><\/a><\/p>\n<p style=\"text-align: center;\"><a href=\"https:\/\/www.mourioche.de\/wpmourio\/wp-content\/uploads\/2016\/09\/phi1.jpg\"><img loading=\"lazy\" decoding=\"async\" class=\"alignnone size-medium wp-image-9147\" src=\"https:\/\/www.mourioche.de\/wpmourio\/wp-content\/uploads\/2016\/09\/phi1-300x258.jpg\" alt=\"phi1\" width=\"300\" height=\"258\" srcset=\"https:\/\/www.mourioche.de\/wpmourio\/wp-content\/uploads\/2016\/09\/phi1-300x258.jpg 300w, https:\/\/www.mourioche.de\/wpmourio\/wp-content\/uploads\/2016\/09\/phi1-150x129.jpg 150w, https:\/\/www.mourioche.de\/wpmourio\/wp-content\/uploads\/2016\/09\/phi1-400x344.jpg 400w, https:\/\/www.mourioche.de\/wpmourio\/wp-content\/uploads\/2016\/09\/phi1.jpg 800w\" sizes=\"auto, (max-width: 300px) 100vw, 300px\" \/><\/a><\/p>\n<p style=\"text-align: center;\"><a href=\"https:\/\/www.mourioche.de\/wpmourio\/wp-content\/uploads\/2016\/09\/phi2.jpg\"><img loading=\"lazy\" decoding=\"async\" class=\"alignnone size-medium wp-image-9148\" src=\"https:\/\/www.mourioche.de\/wpmourio\/wp-content\/uploads\/2016\/09\/phi2-200x300.jpg\" alt=\"phi2\" width=\"200\" height=\"300\" srcset=\"https:\/\/www.mourioche.de\/wpmourio\/wp-content\/uploads\/2016\/09\/phi2-200x300.jpg 200w, https:\/\/www.mourioche.de\/wpmourio\/wp-content\/uploads\/2016\/09\/phi2-682x1024.jpg 682w, https:\/\/www.mourioche.de\/wpmourio\/wp-content\/uploads\/2016\/09\/phi2-100x150.jpg 100w, https:\/\/www.mourioche.de\/wpmourio\/wp-content\/uploads\/2016\/09\/phi2-400x600.jpg 400w, https:\/\/www.mourioche.de\/wpmourio\/wp-content\/uploads\/2016\/09\/phi2.jpg 800w\" sizes=\"auto, (max-width: 200px) 100vw, 200px\" \/><\/a><\/p>\n<p style=\"text-align: center;\"><strong>01.09.2016<\/strong><\/p>\n<p style=\"text-align: center;\">9 Wochen voller Spannung und Vorfreude und nun sind wir stolz und gl\u00fccklich, unseren ersten Mudi Wurf begr\u00fc\u00dfen zu d\u00fcrfen!<\/p>\n<p style=\"text-align: center;\"><img loading=\"lazy\" decoding=\"async\" class=\"alignnone size-medium wp-image-9119\" src=\"https:\/\/www.mourioche.de\/wpmourio\/wp-content\/uploads\/2016\/09\/allefreitag1-300x199.jpg\" alt=\"allefreitag1\" width=\"300\" height=\"199\" srcset=\"https:\/\/www.mourioche.de\/wpmourio\/wp-content\/uploads\/2016\/09\/allefreitag1-300x199.jpg 300w, https:\/\/www.mourioche.de\/wpmourio\/wp-content\/uploads\/2016\/09\/allefreitag1-150x99.jpg 150w, https:\/\/www.mourioche.de\/wpmourio\/wp-content\/uploads\/2016\/09\/allefreitag1-400x266.jpg 400w, https:\/\/www.mourioche.de\/wpmourio\/wp-content\/uploads\/2016\/09\/allefreitag1.jpg 800w\" sizes=\"auto, (max-width: 300px) 100vw, 300px\" \/><\/p>\n<p style=\"text-align: center;\"><img loading=\"lazy\" decoding=\"async\" class=\"alignnone size-medium wp-image-9120\" src=\"https:\/\/www.mourioche.de\/wpmourio\/wp-content\/uploads\/2016\/09\/allefreitag2-300x199.jpg\" alt=\"allefreitag2\" width=\"300\" height=\"199\" srcset=\"https:\/\/www.mourioche.de\/wpmourio\/wp-content\/uploads\/2016\/09\/allefreitag2-300x199.jpg 300w, https:\/\/www.mourioche.de\/wpmourio\/wp-content\/uploads\/2016\/09\/allefreitag2-150x99.jpg 150w, https:\/\/www.mourioche.de\/wpmourio\/wp-content\/uploads\/2016\/09\/allefreitag2-400x266.jpg 400w, https:\/\/www.mourioche.de\/wpmourio\/wp-content\/uploads\/2016\/09\/allefreitag2.jpg 800w\" sizes=\"auto, (max-width: 300px) 100vw, 300px\" \/><\/p>\n<p style=\"text-align: center;\">innerhalb von knapp 1,5 Stunden brachte unsere Mimi v\u00f6llig souver\u00e4n 5 Welpen zur Welt &#8211; als wenn sie noch nie was anderes gemacht h\u00e4tte, versorgte sie die Kleinen von der ersten Sekunde an v\u00f6llig selbstverst\u00e4ndlich und selbst\u00e4ndig.<\/p>\n<p style=\"text-align: center;\">\u00a0<a href=\"https:\/\/www.mourioche.de\/wpmourio\/wp-content\/uploads\/2016\/09\/Aegon1.jpg\"><img loading=\"lazy\" decoding=\"async\" class=\"alignnone size-medium wp-image-9123\" src=\"https:\/\/www.mourioche.de\/wpmourio\/wp-content\/uploads\/2016\/09\/fuenfdonnerstag1-300x199.jpg\" alt=\"fuenfdonnerstag1\" width=\"300\" height=\"199\" srcset=\"https:\/\/www.mourioche.de\/wpmourio\/wp-content\/uploads\/2016\/09\/fuenfdonnerstag1-300x199.jpg 300w, https:\/\/www.mourioche.de\/wpmourio\/wp-content\/uploads\/2016\/09\/fuenfdonnerstag1-150x99.jpg 150w, https:\/\/www.mourioche.de\/wpmourio\/wp-content\/uploads\/2016\/09\/fuenfdonnerstag1-400x266.jpg 400w, https:\/\/www.mourioche.de\/wpmourio\/wp-content\/uploads\/2016\/09\/fuenfdonnerstag1.jpg 800w\" sizes=\"auto, (max-width: 300px) 100vw, 300px\" \/><\/a><\/p>\n<p style=\"text-align: center;\">zwei schwarze R\u00fcden, eine schwarze H\u00fcndin und zwei merle (cifra) H\u00fcndinnen, alle putzmunter und quietschfidel<\/p>\n<p style=\"text-align: center;\">darf ich vorstellen:<\/p>\n<p style=\"text-align: center;\"><img loading=\"lazy\" decoding=\"async\" class=\"alignnone size-medium wp-image-9116\" src=\"https:\/\/www.mourioche.de\/wpmourio\/wp-content\/uploads\/2016\/09\/Aggo1-300x199.jpg\" alt=\"Aggo1\" width=\"300\" height=\"199\" srcset=\"https:\/\/www.mourioche.de\/wpmourio\/wp-content\/uploads\/2016\/09\/Aggo1-300x199.jpg 300w, https:\/\/www.mourioche.de\/wpmourio\/wp-content\/uploads\/2016\/09\/Aggo1-150x99.jpg 150w, https:\/\/www.mourioche.de\/wpmourio\/wp-content\/uploads\/2016\/09\/Aggo1-400x266.jpg 400w, https:\/\/www.mourioche.de\/wpmourio\/wp-content\/uploads\/2016\/09\/Aggo1.jpg 800w\" sizes=\"auto, (max-width: 300px) 100vw, 300px\" \/><\/p>\n<p style=\"text-align: center;\">Aggo du Mourioche<\/p>\n<p style=\"text-align: center;\">R\u00fcde, schwarz (markiert mit orange)<\/p>\n<p style=\"text-align: center;\"><img loading=\"lazy\" decoding=\"async\" class=\"alignnone size-medium wp-image-9115\" src=\"https:\/\/www.mourioche.de\/wpmourio\/wp-content\/uploads\/2016\/09\/Aegon1-300x199.jpg\" alt=\"Aegon1\" width=\"300\" height=\"199\" srcset=\"https:\/\/www.mourioche.de\/wpmourio\/wp-content\/uploads\/2016\/09\/Aegon1-300x199.jpg 300w, https:\/\/www.mourioche.de\/wpmourio\/wp-content\/uploads\/2016\/09\/Aegon1-150x99.jpg 150w, https:\/\/www.mourioche.de\/wpmourio\/wp-content\/uploads\/2016\/09\/Aegon1-400x266.jpg 400w, https:\/\/www.mourioche.de\/wpmourio\/wp-content\/uploads\/2016\/09\/Aegon1.jpg 800w\" sizes=\"auto, (max-width: 300px) 100vw, 300px\" \/><\/p>\n<p style=\"text-align: center;\">Aegon du Mourioche<\/p>\n<p style=\"text-align: center;\">R\u00fcde, schwarz (markiert mit gelb)<\/p>\n<p style=\"text-align: center;\"><img loading=\"lazy\" decoding=\"async\" class=\"alignnone size-medium wp-image-9121\" src=\"https:\/\/www.mourioche.de\/wpmourio\/wp-content\/uploads\/2016\/09\/Arya1-300x199.jpg\" alt=\"Arya1\" width=\"300\" height=\"199\" srcset=\"https:\/\/www.mourioche.de\/wpmourio\/wp-content\/uploads\/2016\/09\/Arya1-300x199.jpg 300w, https:\/\/www.mourioche.de\/wpmourio\/wp-content\/uploads\/2016\/09\/Arya1-150x99.jpg 150w, https:\/\/www.mourioche.de\/wpmourio\/wp-content\/uploads\/2016\/09\/Arya1-400x266.jpg 400w, https:\/\/www.mourioche.de\/wpmourio\/wp-content\/uploads\/2016\/09\/Arya1.jpg 800w\" sizes=\"auto, (max-width: 300px) 100vw, 300px\" \/><\/p>\n<p style=\"text-align: center;\">Arya\u00a0du Mourioche<\/p>\n<p style=\"text-align: center;\">H\u00fcndin, cifra<\/p>\n<p style=\"text-align: center;\"><img loading=\"lazy\" decoding=\"async\" class=\"alignnone size-medium wp-image-9122\" src=\"https:\/\/www.mourioche.de\/wpmourio\/wp-content\/uploads\/2016\/09\/Asha1-300x199.jpg\" alt=\"Asha1\" width=\"300\" height=\"199\" srcset=\"https:\/\/www.mourioche.de\/wpmourio\/wp-content\/uploads\/2016\/09\/Asha1-300x199.jpg 300w, https:\/\/www.mourioche.de\/wpmourio\/wp-content\/uploads\/2016\/09\/Asha1-150x99.jpg 150w, https:\/\/www.mourioche.de\/wpmourio\/wp-content\/uploads\/2016\/09\/Asha1-400x266.jpg 400w, https:\/\/www.mourioche.de\/wpmourio\/wp-content\/uploads\/2016\/09\/Asha1.jpg 800w\" sizes=\"auto, (max-width: 300px) 100vw, 300px\" \/><\/p>\n<p style=\"text-align: center;\">Asha du Mourioche<\/p>\n<p style=\"text-align: center;\">H\u00fcndin, cifra<\/p>\n<p style=\"text-align: center;\"><img loading=\"lazy\" decoding=\"async\" class=\"alignnone size-medium wp-image-9117\" src=\"https:\/\/www.mourioche.de\/wpmourio\/wp-content\/uploads\/2016\/09\/Alayaya1-300x199.jpg\" alt=\"Alayaya1\" width=\"300\" height=\"199\" srcset=\"https:\/\/www.mourioche.de\/wpmourio\/wp-content\/uploads\/2016\/09\/Alayaya1-300x199.jpg 300w, https:\/\/www.mourioche.de\/wpmourio\/wp-content\/uploads\/2016\/09\/Alayaya1-150x99.jpg 150w, https:\/\/www.mourioche.de\/wpmourio\/wp-content\/uploads\/2016\/09\/Alayaya1-400x266.jpg 400w, https:\/\/www.mourioche.de\/wpmourio\/wp-content\/uploads\/2016\/09\/Alayaya1.jpg 800w\" sizes=\"auto, (max-width: 300px) 100vw, 300px\" \/><\/p>\n<p style=\"text-align: center;\">Alayaya du Mourioche<\/p>\n<p style=\"text-align: center;\">H\u00fcndin, schwarz (nicht markiert)<\/p>\n<p style=\"text-align: center;\">\u00a0\u00a0<a href=\"https:\/\/www.mourioche.de\/wpmourio\/wp-content\/uploads\/2016\/09\/alledonnerstag1.jpg\"><img loading=\"lazy\" decoding=\"async\" class=\"alignnone size-medium wp-image-9124\" src=\"https:\/\/www.mourioche.de\/wpmourio\/wp-content\/uploads\/2016\/09\/fuenffreitag1-294x300.jpg\" alt=\"fuenffreitag1\" width=\"294\" height=\"300\" srcset=\"https:\/\/www.mourioche.de\/wpmourio\/wp-content\/uploads\/2016\/09\/fuenffreitag1-294x300.jpg 294w, https:\/\/www.mourioche.de\/wpmourio\/wp-content\/uploads\/2016\/09\/fuenffreitag1-147x150.jpg 147w, https:\/\/www.mourioche.de\/wpmourio\/wp-content\/uploads\/2016\/09\/fuenffreitag1-400x408.jpg 400w, https:\/\/www.mourioche.de\/wpmourio\/wp-content\/uploads\/2016\/09\/fuenffreitag1.jpg 800w\" sizes=\"auto, (max-width: 294px) 100vw, 294px\" \/><\/a><\/p>\n<p style=\"text-align: center;\">\u00a0 \u00a0\u00a0\u00a0\u00a0<img loading=\"lazy\" decoding=\"async\" class=\"alignnone size-medium wp-image-9118\" src=\"https:\/\/www.mourioche.de\/wpmourio\/wp-content\/uploads\/2016\/09\/alledonnerstag1-300x199.jpg\" alt=\"alledonnerstag1\" width=\"300\" height=\"199\" srcset=\"https:\/\/www.mourioche.de\/wpmourio\/wp-content\/uploads\/2016\/09\/alledonnerstag1-300x199.jpg 300w, https:\/\/www.mourioche.de\/wpmourio\/wp-content\/uploads\/2016\/09\/alledonnerstag1-150x99.jpg 150w, https:\/\/www.mourioche.de\/wpmourio\/wp-content\/uploads\/2016\/09\/alledonnerstag1-400x266.jpg 400w, https:\/\/www.mourioche.de\/wpmourio\/wp-content\/uploads\/2016\/09\/alledonnerstag1.jpg 800w\" sizes=\"auto, (max-width: 300px) 100vw, 300px\" \/><\/p>\n<p><iframe loading=\"lazy\" src=\"https:\/\/www.youtube.com\/embed\/G6Y-gN5P5_E\" width=\"854\" height=\"480\" frameborder=\"0\" allowfullscreen=\"allowfullscreen\"><\/iframe><\/p>\n<p style=\"text-align: center;\">\u00a0Willkommen im Leben!<\/p>\n","protected":false},"excerpt":{"rendered":"<p>04.09.2016 Unser Quintett w\u00e4chst und gedeiht, alle nehmen t\u00fcchtig zu. Mimi k\u00fcmmert sich fantastisch um ihre Kleinen und l\u00e4sst sie kaum eine Minute aus den Augen. Die ersten Besucher waren auch schon da, stolz pr\u00e4sentiert Mimi ihren Nachwuchs &#8211; und passt dabei ganz genau auf, dass wir auch alles richtig machen. F\u00fcr die beiden Jungs &hellip; <a href=\"https:\/\/www.mourioche.de\/?page_id=9114\" class=\"more-link\"><span class=\"screen-reader-text\">Mimi A-Wurf 1. Woche<\/span> weiterlesen <span class=\"meta-nav\">&rarr;<\/span><\/a><\/p>\n","protected":false},"author":2,"featured_media":0,"parent":9112,"menu_order":3111,"comment_status":"open","ping_status":"open","template":"","meta":{"footnotes":""},"class_list":["post-9114","page","type-page","status-publish","hentry"],"_links":{"self":[{"href":"https:\/\/www.mourioche.de\/index.php?rest_route=\/wp\/v2\/pages\/9114","targetHints":{"allow":["GET"]}}],"collection":[{"href":"https:\/\/www.mourioche.de\/index.php?rest_route=\/wp\/v2\/pages"}],"about":[{"href":"https:\/\/www.mourioche.de\/index.php?rest_route=\/wp\/v2\/types\/page"}],"author":[{"embeddable":true,"href":"https:\/\/www.mourioche.de\/index.php?rest_route=\/wp\/v2\/users\/2"}],"replies":[{"embeddable":true,"href":"https:\/\/www.mourioche.de\/index.php?rest_route=%2Fwp%2Fv2%2Fcomments&post=9114"}],"version-history":[{"count":4,"href":"https:\/\/www.mourioche.de\/index.php?rest_route=\/wp\/v2\/pages\/9114\/revisions"}],"predecessor-version":[{"id":9149,"href":"https:\/\/www.mourioche.de\/index.php?rest_route=\/wp\/v2\/pages\/9114\/revisions\/9149"}],"up":[{"embeddable":true,"href":"https:\/\/www.mourioche.de\/index.php?rest_route=\/wp\/v2\/pages\/9112"}],"wp:attachment":[{"href":"https:\/\/www.mourioche.de\/index.php?rest_route=%2Fwp%2Fv2%2Fmedia&parent=9114"}],"curies":[{"name":"wp","href":"https:\/\/api.w.org\/{rel}","templated":true}]}}